{"id":54283,"date":"2017-04-07T13:11:52","date_gmt":"2017-04-07T13:11:52","guid":{"rendered":"https:\/\/www.storevan.com\/pianali-pannellature\/"},"modified":"2019-08-27T13:12:27","modified_gmt":"2019-08-27T13:12:27","slug":"planchers-habillages","status":"publish","type":"page","link":"https:\/\/www.storevan.com\/fr\/amenagement-vehicules-utilitaires\/fourgons-dacia\/dokker\/planchers-habillages\/","title":{"rendered":"Planchers et habillages"},"content":{"rendered":"<h1 class=\"customblackTitleSmall\">Planchers et habillages pour Dacia Dokker<\/h1>\n<p>Choisissez les rev\u00eatements int\u00e9rieurs pour v\u00e9hicules utilitaires Dokker: nous proposons des panneaux en polypropyl\u00e8ne alv\u00e9olaire et un plancher en bois marin multiplis \u00e0 rev\u00eatement ph\u00e9nolique (12 mm) con\u00e7u en fonction des arrimages d\u2019origine du v\u00e9hicule. <strong>Plancher<\/strong> et <strong>habillages<\/strong> pour v\u00e9hicule avec porte lat\u00e9rale droite et parois en t\u00f4le.<\/p>\n<p><img decoding=\"async\" loading=\"lazy\" class=\"aligncenter wp-image-16359 size-full\" title=\"Planchers et habillages Dacia Dokker\" src=\"https:\/\/www.storevan.com\/wp-content\/uploads\/2016\/03\/StoreVan_Pianali_Pannellature_1A.jpg\" alt=\"Planchers et habillages Dacia Dokker\" width=\"625\" height=\"407\" srcset=\"https:\/\/www.storevan.com\/wp-content\/uploads\/2016\/03\/StoreVan_Pianali_Pannellature_1A.jpg 625w, https:\/\/www.storevan.com\/wp-content\/uploads\/2016\/03\/StoreVan_Pianali_Pannellature_1A-300x195.jpg 300w\" sizes=\"(max-width: 625px) 100vw, 625px\" \/><\/p>\n<table class=\"table tableBorder\">\n<tbody>\n<tr>\n<td class=\"txtBkOrange\">V\u00c9HICULE<\/td>\n<td class=\"TESTO12biancoCX text-center\" bgcolor=\"#0071B9\">PLANCHER 12 mm\t<\/td>\n<td class=\"TESTO12neroCX text-center\" bgcolor=\"#e4e4e4\">HABILLAGE<\/td>\n<td class=\"TESTO12neroCX text-center\" bgcolor=\"#e4e4e4\">HABILLAGE<\/td>\n<\/tr>\n<tr class=\"border_bottomGrey\">\n<td><\/td>\n<td bgcolor=\"#8d8d8d\" class=\"TESTO12biancoCX text-center\"><strong>D<\/strong><\/td>\n<td bgcolor=\"#8d8d8d\" class=\"TESTO12biancoCX text-center\"><strong>A+B<\/strong><\/td>\n<td bgcolor=\"#8d8d8d\" class=\"TESTO12biancoCX text-center\"><strong>C<\/strong><\/td>\n<\/tr>\n<tr class=\"border_bottomGrey\">\n<td><\/td>\n<td class=\"TESTO12neroCX\"><strong>ART.<\/strong><\/td>\n<td class=\"TESTO12neroCX\"><strong>ART.<\/strong><\/td>\n<td class=\"TESTO12neroCX\"><strong>ART.<\/strong><\/td>\n<\/tr>\n<tr>\n<td style=\"vertical-align: middle;\" bgcolor=\"#f0f0f0\">L1 H1 <sup>A<\/sup><\/td>\n<td style=\"text-align: center;\"><span class=\"blue\">PIL 222<\/span><br \/>\n17,96 kg<\/td>\n<td style=\"text-align: center;\"><span class=\"blue\">PAN 218<\/span><br \/>\n5,60 kg<\/td>\n<td style=\"text-align: center;\"><span class=\"blue\">PAR 211<\/span><br \/>\n1,41 kg<\/td>\n<\/tr>\n<tr>\n<td style=\"vertical-align: middle;\" bgcolor=\"#f0f0f0\">L1 H1 <sup>B<\/sup><\/td>\n<td style=\"text-align: center;\"><span class=\"blue\">PIL 227<\/span><br \/>\n17,53 kg<\/td>\n<td style=\"text-align: center;\"><span class=\"blue\">PAN 218<\/span><br \/>\n5,60 kg<\/td>\n<td style=\"text-align: center;\"><span class=\"blue\">PAR 211<\/span><br \/>\n1,41 kg<\/td>\n<\/tr>\n<\/tbody>\n<\/table>\n<hr class=\"noColor\" \/>\n<p><sup>A<\/sup>Panneau de s\u00e9paration t\u00f4le ou protection tubulaire<br \/>\n<sup>B<\/sup>Panneau de s\u00e9paration grillag\u00e9 avec portillon<\/p>\n<hr\/>\n","protected":false},"excerpt":{"rendered":"<p>Planchers et habillages pour Dacia Dokker Choisissez les rev\u00eatements int\u00e9rieurs pour v\u00e9hicules utilitaires Dokker: nous proposons des panneaux en polypropyl\u00e8ne alv\u00e9olaire et un plancher en bois marin multiplis \u00e0 rev\u00eatement.<\/p>\n","protected":false},"author":470,"featured_media":0,"parent":54288,"menu_order":0,"comment_status":"closed","ping_status":"closed","template":"","meta":[],"acf":[],"yoast_head":"<!-- This site is optimized with the Yoast SEO plugin v20.11 - https:\/\/yoast.com\/wordpress\/plugins\/seo\/ -->\n<title>Planchers et habillages pour fourgons Dacia Dokker<\/title>\n<meta name=\"description\" content=\"Il pianale per Dacia Dokker e le pannellature laterali sono i rivestimenti interni necessari per proteggere il vano di carico del proprio furgone Dokker.\" \/>\n<meta name=\"robots\" content=\"index, follow, max-snippet:-1, max-image-preview:large, max-video-preview:-1\" \/>\n<link rel=\"canonical\" href=\"https:\/\/www.storevan.com\/fr\/amenagement-vehicules-utilitaires\/fourgons-dacia\/dokker\/planchers-habillages\/\" \/>\n<meta property=\"og:locale\" content=\"fr_FR\" \/>\n<meta property=\"og:type\" content=\"article\" \/>\n<meta property=\"og:title\" content=\"Planchers et habillages pour fourgons Dacia Dokker\" \/>\n<meta property=\"og:description\" content=\"Il pianale per Dacia Dokker e le pannellature laterali sono i rivestimenti interni necessari per proteggere il vano di carico del proprio furgone Dokker.\" \/>\n<meta property=\"og:url\" content=\"https:\/\/www.storevan.com\/fr\/amenagement-vehicules-utilitaires\/fourgons-dacia\/dokker\/planchers-habillages\/\" \/>\n<meta property=\"og:site_name\" content=\"Store Van\" \/>\n<meta property=\"article:modified_time\" content=\"2019-08-27T13:12:27+00:00\" \/>\n<meta property=\"og:image\" content=\"https:\/\/www.storevan.com\/wp-content\/uploads\/2016\/03\/StoreVan_Pianali_Pannellature_1A.jpg\" \/>\n<meta name=\"twitter:label1\" content=\"Dur\u00e9e de lecture estim\u00e9e\" \/>\n\t<meta name=\"twitter:data1\" content=\"1 minute\" \/>\n<script type=\"application\/ld+json\" class=\"yoast-schema-graph\">{\"@context\":\"https:\/\/schema.org\",\"@graph\":[{\"@type\":\"WebPage\",\"@id\":\"https:\/\/www.storevan.com\/fr\/amenagement-vehicules-utilitaires\/fourgons-dacia\/dokker\/planchers-habillages\/\",\"url\":\"https:\/\/www.storevan.com\/fr\/amenagement-vehicules-utilitaires\/fourgons-dacia\/dokker\/planchers-habillages\/\",\"name\":\"Planchers et habillages pour fourgons Dacia Dokker\",\"isPartOf\":{\"@id\":\"https:\/\/www.storevan.com\/pl\/#website\"},\"datePublished\":\"2017-04-07T13:11:52+00:00\",\"dateModified\":\"2019-08-27T13:12:27+00:00\",\"description\":\"Il pianale per Dacia Dokker e le pannellature laterali sono i rivestimenti interni necessari per proteggere il vano di carico del proprio furgone Dokker.\",\"breadcrumb\":{\"@id\":\"https:\/\/www.storevan.com\/fr\/amenagement-vehicules-utilitaires\/fourgons-dacia\/dokker\/planchers-habillages\/#breadcrumb\"},\"inLanguage\":\"fr-FR\",\"potentialAction\":[{\"@type\":\"ReadAction\",\"target\":[\"https:\/\/www.storevan.com\/fr\/amenagement-vehicules-utilitaires\/fourgons-dacia\/dokker\/planchers-habillages\/\"]}]},{\"@type\":\"BreadcrumbList\",\"@id\":\"https:\/\/www.storevan.com\/fr\/amenagement-vehicules-utilitaires\/fourgons-dacia\/dokker\/planchers-habillages\/#breadcrumb\",\"itemListElement\":[{\"@type\":\"ListItem\",\"position\":1,\"name\":\"Home\",\"item\":\"https:\/\/www.storevan.com\/fr\/\"},{\"@type\":\"ListItem\",\"position\":2,\"name\":\"Am\u00e9nagement de v\u00e9hicule utilitaire\",\"item\":\"https:\/\/www.storevan.com\/fr\/amenagement-vehicules-utilitaires\/\"},{\"@type\":\"ListItem\",\"position\":3,\"name\":\"Dacia\",\"item\":\"https:\/\/www.storevan.com\/fr\/amenagement-vehicules-utilitaires\/fourgons-dacia\/\"},{\"@type\":\"ListItem\",\"position\":4,\"name\":\"Dokker\",\"item\":\"https:\/\/www.storevan.com\/fr\/amenagement-vehicules-utilitaires\/fourgons-dacia\/dokker\/\"},{\"@type\":\"ListItem\",\"position\":5,\"name\":\"Planchers et habillages\"}]},{\"@type\":\"WebSite\",\"@id\":\"https:\/\/www.storevan.com\/pl\/#website\",\"url\":\"https:\/\/www.storevan.com\/pl\/\",\"name\":\"Store Van\",\"description\":\"Am\u00e9nagements fourgons\",\"potentialAction\":[{\"@type\":\"SearchAction\",\"target\":{\"@type\":\"EntryPoint\",\"urlTemplate\":\"https:\/\/www.storevan.com\/pl\/?s={search_term_string}\"},\"query-input\":\"required name=search_term_string\"}],\"inLanguage\":\"fr-FR\"}]}<\/script>\n<!-- \/ Yoast SEO plugin. -->","yoast_head_json":{"title":"Planchers et habillages pour fourgons Dacia Dokker","description":"Il pianale per Dacia Dokker e le pannellature laterali sono i rivestimenti interni necessari per proteggere il vano di carico del proprio furgone Dokker.","robots":{"index":"index","follow":"follow","max-snippet":"max-snippet:-1","max-image-preview":"max-image-preview:large","max-video-preview":"max-video-preview:-1"},"canonical":"https:\/\/www.storevan.com\/fr\/amenagement-vehicules-utilitaires\/fourgons-dacia\/dokker\/planchers-habillages\/","og_locale":"fr_FR","og_type":"article","og_title":"Planchers et habillages pour fourgons Dacia Dokker","og_description":"Il pianale per Dacia Dokker e le pannellature laterali sono i rivestimenti interni necessari per proteggere il vano di carico del proprio furgone Dokker.","og_url":"https:\/\/www.storevan.com\/fr\/amenagement-vehicules-utilitaires\/fourgons-dacia\/dokker\/planchers-habillages\/","og_site_name":"Store Van","article_modified_time":"2019-08-27T13:12:27+00:00","og_image":[{"url":"https:\/\/www.storevan.com\/wp-content\/uploads\/2016\/03\/StoreVan_Pianali_Pannellature_1A.jpg"}],"twitter_misc":{"Dur\u00e9e de lecture estim\u00e9e":"1 minute"},"schema":{"@context":"https:\/\/schema.org","@graph":[{"@type":"WebPage","@id":"https:\/\/www.storevan.com\/fr\/amenagement-vehicules-utilitaires\/fourgons-dacia\/dokker\/planchers-habillages\/","url":"https:\/\/www.storevan.com\/fr\/amenagement-vehicules-utilitaires\/fourgons-dacia\/dokker\/planchers-habillages\/","name":"Planchers et habillages pour fourgons Dacia Dokker","isPartOf":{"@id":"https:\/\/www.storevan.com\/pl\/#website"},"datePublished":"2017-04-07T13:11:52+00:00","dateModified":"2019-08-27T13:12:27+00:00","description":"Il pianale per Dacia Dokker e le pannellature laterali sono i rivestimenti interni necessari per proteggere il vano di carico del proprio furgone Dokker.","breadcrumb":{"@id":"https:\/\/www.storevan.com\/fr\/amenagement-vehicules-utilitaires\/fourgons-dacia\/dokker\/planchers-habillages\/#breadcrumb"},"inLanguage":"fr-FR","potentialAction":[{"@type":"ReadAction","target":["https:\/\/www.storevan.com\/fr\/amenagement-vehicules-utilitaires\/fourgons-dacia\/dokker\/planchers-habillages\/"]}]},{"@type":"BreadcrumbList","@id":"https:\/\/www.storevan.com\/fr\/amenagement-vehicules-utilitaires\/fourgons-dacia\/dokker\/planchers-habillages\/#breadcrumb","itemListElement":[{"@type":"ListItem","position":1,"name":"Home","item":"https:\/\/www.storevan.com\/fr\/"},{"@type":"ListItem","position":2,"name":"Am\u00e9nagement de v\u00e9hicule utilitaire","item":"https:\/\/www.storevan.com\/fr\/amenagement-vehicules-utilitaires\/"},{"@type":"ListItem","position":3,"name":"Dacia","item":"https:\/\/www.storevan.com\/fr\/amenagement-vehicules-utilitaires\/fourgons-dacia\/"},{"@type":"ListItem","position":4,"name":"Dokker","item":"https:\/\/www.storevan.com\/fr\/amenagement-vehicules-utilitaires\/fourgons-dacia\/dokker\/"},{"@type":"ListItem","position":5,"name":"Planchers et habillages"}]},{"@type":"WebSite","@id":"https:\/\/www.storevan.com\/pl\/#website","url":"https:\/\/www.storevan.com\/pl\/","name":"Store Van","description":"Am\u00e9nagements fourgons","potentialAction":[{"@type":"SearchAction","target":{"@type":"EntryPoint","urlTemplate":"https:\/\/www.storevan.com\/pl\/?s={search_term_string}"},"query-input":"required name=search_term_string"}],"inLanguage":"fr-FR"}]}},"_links":{"self":[{"href":"https:\/\/www.storevan.com\/fr\/wp-json\/wp\/v2\/pages\/54283"}],"collection":[{"href":"https:\/\/www.storevan.com\/fr\/wp-json\/wp\/v2\/pages"}],"about":[{"href":"https:\/\/www.storevan.com\/fr\/wp-json\/wp\/v2\/types\/page"}],"author":[{"embeddable":true,"href":"https:\/\/www.storevan.com\/fr\/wp-json\/wp\/v2\/users\/470"}],"replies":[{"embeddable":true,"href":"https:\/\/www.storevan.com\/fr\/wp-json\/wp\/v2\/comments?post=54283"}],"version-history":[{"count":2,"href":"https:\/\/www.storevan.com\/fr\/wp-json\/wp\/v2\/pages\/54283\/revisions"}],"predecessor-version":[{"id":106326,"href":"https:\/\/www.storevan.com\/fr\/wp-json\/wp\/v2\/pages\/54283\/revisions\/106326"}],"up":[{"embeddable":true,"href":"https:\/\/www.storevan.com\/fr\/wp-json\/wp\/v2\/pages\/54288"}],"wp:attachment":[{"href":"https:\/\/www.storevan.com\/fr\/wp-json\/wp\/v2\/media?parent=54283"}],"curies":[{"name":"wp","href":"https:\/\/api.w.org\/{rel}","templated":true}]}}

<h1 class="customblackTitleSmall">Planchers et habillages pour Dacia Dokker</h1>
<p>Choisissez les revêtements intérieurs pour véhicules utilitaires Dokker: nous proposons des panneaux en polypropylène alvéolaire et un plancher en bois marin multiplis à revêtement phénolique (12 mm) conçu en fonction des arrimages d’origine du véhicule. <strong>Plancher</strong> et <strong>habillages</strong> pour véhicule avec porte latérale droite et parois en tôle.</p>
<p><img decoding="async" loading="lazy" class="aligncenter wp-image-16359 size-full" title="Planchers et habillages Dacia Dokker" src="https://www.storevan.com/wp-content/uploads/2016/03/StoreVan_Pianali_Pannellature_1A.jpg" alt="Planchers et habillages Dacia Dokker" width="625" height="407" srcset="https://www.storevan.com/wp-content/uploads/2016/03/StoreVan_Pianali_Pannellature_1A.jpg 625w, https://www.storevan.com/wp-content/uploads/2016/03/StoreVan_Pianali_Pannellature_1A-300x195.jpg 300w" sizes="(max-width: 625px) 100vw, 625px" /></p>
<table class="table tableBorder">
<tbody>
<tr>
<td class="txtBkOrange">VÉHICULE</td>
<td class="TESTO12biancoCX text-center" bgcolor="#0071B9">PLANCHER 12 mm	</td>
<td class="TESTO12neroCX text-center" bgcolor="#e4e4e4">HABILLAGE</td>
<td class="TESTO12neroCX text-center" bgcolor="#e4e4e4">HABILLAGE</td>
</tr>
<tr class="border_bottomGrey">
<td></td>
<td bgcolor="#8d8d8d" class="TESTO12biancoCX text-center"><strong>D</strong></td>
<td bgcolor="#8d8d8d" class="TESTO12biancoCX text-center"><strong>A+B</strong></td>
<td bgcolor="#8d8d8d" class="TESTO12biancoCX text-center"><strong>C</strong></td>
</tr>
<tr class="border_bottomGrey">
<td></td>
<td class="TESTO12neroCX"><strong>ART.</strong></td>
<td class="TESTO12neroCX"><strong>ART.</strong></td>
<td class="TESTO12neroCX"><strong>ART.</strong></td>
</tr>
<tr>
<td style="vertical-align: middle;" bgcolor="#f0f0f0">L1 H1 <sup>A</sup></td>
<td style="text-align: center;"><span class="blue">PIL 222</span><br />
17,96 kg</td>
<td style="text-align: center;"><span class="blue">PAN 218</span><br />
5,60 kg</td>
<td style="text-align: center;"><span class="blue">PAR 211</span><br />
1,41 kg</td>
</tr>
<tr>
<td style="vertical-align: middle;" bgcolor="#f0f0f0">L1 H1 <sup>B</sup></td>
<td style="text-align: center;"><span class="blue">PIL 227</span><br />
17,53 kg</td>
<td style="text-align: center;"><span class="blue">PAN 218</span><br />
5,60 kg</td>
<td style="text-align: center;"><span class="blue">PAR 211</span><br />
1,41 kg</td>
</tr>
</tbody>
</table>
<hr class="noColor" />
<p><sup>A</sup>Panneau de séparation tôle ou protection tubulaire<br />
<sup>B</sup>Panneau de séparation grillagé avec portillon</p>
<hr/>

<p>Planchers et habillages pour Dacia Dokker Choisissez les revêtements intérieurs pour véhicules utilitaires Dokker: nous proposons des panneaux en polypropylène alvéolaire et un plancher en bois marin multiplis à revêtement.</p>

<!-- This site is optimized with the Yoast SEO plugin v20.11 - https://yoast.com/wordpress/plugins/seo/ -->
<title>Planchers et habillages pour fourgons Dacia Dokker</title>
<meta name="description" content="Il pianale per Dacia Dokker e le pannellature laterali sono i rivestimenti interni necessari per proteggere il vano di carico del proprio furgone Dokker." />
<meta name="robots" content="index, follow, max-snippet:-1, max-image-preview:large, max-video-preview:-1" />
<link rel="canonical" href="https://www.storevan.com/fr/amenagement-vehicules-utilitaires/fourgons-dacia/dokker/planchers-habillages/" />
<meta property="og:locale" content="fr_FR" />
<meta property="og:type" content="article" />
<meta property="og:title" content="Planchers et habillages pour fourgons Dacia Dokker" />
<meta property="og:description" content="Il pianale per Dacia Dokker e le pannellature laterali sono i rivestimenti interni necessari per proteggere il vano di carico del proprio furgone Dokker." />
<meta property="og:url" content="https://www.storevan.com/fr/amenagement-vehicules-utilitaires/fourgons-dacia/dokker/planchers-habillages/" />
<meta property="og:site_name" content="Store Van" />
<meta property="article:modified_time" content="2019-08-27T13:12:27+00:00" />
<meta property="og:image" content="https://www.storevan.com/wp-content/uploads/2016/03/StoreVan_Pianali_Pannellature_1A.jpg" />
<meta name="twitter:label1" content="Durée de lecture estimée" />
	<meta name="twitter:data1" content="1 minute" />
<script type="application/ld+json" class="yoast-schema-graph">{"@context":"https://schema.org","@graph":[{"@type":"WebPage","@id":"https://www.storevan.com/fr/amenagement-vehicules-utilitaires/fourgons-dacia/dokker/planchers-habillages/","url":"https://www.storevan.com/fr/amenagement-vehicules-utilitaires/fourgons-dacia/dokker/planchers-habillages/","name":"Planchers et habillages pour fourgons Dacia Dokker","isPartOf":{"@id":"https://www.storevan.com/pl/#website"},"datePublished":"2017-04-07T13:11:52+00:00","dateModified":"2019-08-27T13:12:27+00:00","description":"Il pianale per Dacia Dokker e le pannellature laterali sono i rivestimenti interni necessari per proteggere il vano di carico del proprio furgone Dokker.","breadcrumb":{"@id":"https://www.storevan.com/fr/amenagement-vehicules-utilitaires/fourgons-dacia/dokker/planchers-habillages/#breadcrumb"},"inLanguage":"fr-FR","potentialAction":[{"@type":"ReadAction","target":["https://www.storevan.com/fr/amenagement-vehicules-utilitaires/fourgons-dacia/dokker/planchers-habillages/"]}]},{"@type":"BreadcrumbList","@id":"https://www.storevan.com/fr/amenagement-vehicules-utilitaires/fourgons-dacia/dokker/planchers-habillages/#breadcrumb","itemListElement":[{"@type":"ListItem","position":1,"name":"Home","item":"https://www.storevan.com/fr/"},{"@type":"ListItem","position":2,"name":"Aménagement de véhicule utilitaire","item":"https://www.storevan.com/fr/amenagement-vehicules-utilitaires/"},{"@type":"ListItem","position":3,"name":"Dacia","item":"https://www.storevan.com/fr/amenagement-vehicules-utilitaires/fourgons-dacia/"},{"@type":"ListItem","position":4,"name":"Dokker","item":"https://www.storevan.com/fr/amenagement-vehicules-utilitaires/fourgons-dacia/dokker/"},{"@type":"ListItem","position":5,"name":"Planchers et habillages"}]},{"@type":"WebSite","@id":"https://www.storevan.com/pl/#website","url":"https://www.storevan.com/pl/","name":"Store Van","description":"Aménagements fourgons","potentialAction":[{"@type":"SearchAction","target":{"@type":"EntryPoint","urlTemplate":"https://www.storevan.com/pl/?s={search_term_string}"},"query-input":"required name=search_term_string"}],"inLanguage":"fr-FR"}]}</script>
<!-- / Yoast SEO plugin. -->

Aménagement de véhicule utilitaire

Aménagements fourgons
