{"id":26115,"date":"2015-12-14T10:01:18","date_gmt":"2015-12-14T09:01:18","guid":{"rendered":"https:\/\/www.storevan.com\/fr\/allestimenti-veicoli-commerciali\/furgoni-iveco\/"},"modified":"2021-10-29T12:06:15","modified_gmt":"2021-10-29T12:06:15","slug":"fourgons-iveco","status":"publish","type":"page","link":"https:\/\/www.storevan.com\/fr\/amenagement-vehicules-utilitaires\/fourgons-iveco\/","title":{"rendered":"Iveco"},"content":{"rendered":"<h1 class=\"customblackTitleSmall\">Am\u00e9nagements fourgons Iveco<\/h1>\n<h2 class=\"noUP\">Am\u00e9nagement en atelier mobile pour fourgons Iveco<\/h2>\n<p><img decoding=\"async\" loading=\"lazy\" class=\"alignright wp-image-43715 size-full\" title=\"Am\u00e9nagement Iveco\" src=\"https:\/\/www.storevan.com\/wp-content\/uploads\/veicoli\/iveco\/daily\/HOME6-Allestimenti-IVECO.png\" alt=\"Am\u00e9nagement Iveco\" width=\"116\" height=\"105\" \/><\/p>\n<p>Store Van produit des solutions d\u2019<strong>am\u00e9nagement<\/strong> sp\u00e9cifiques pour les <strong>fourgons IVECO<\/strong>. Rev\u00eatements pour la protection de l\u2019espace de chargement, galeries de toit et porte-\u00e9chelles pour <strong>transporter<\/strong> un chargement en toute s\u00e9curit\u00e9 sur le toit du fourgon, et nombreux rayonnages pour \u00e9quiper le v\u00e9hicule utilitaire en fonction des exigences professionnelles sp\u00e9cifiques.<\/p>\n<h3 class=\"customblackTitleExtraSmall\">S\u00c9LECTIONNEZ LE MOD\u00c8LE DE VOTRE FOURGON:<\/h3>\n<div class=\"one_third\"><\/div><div class=\"one_third last\">\n<p class=\"text-center\"><strong>IVECO DAILY 2014<\/strong><\/p>\n<hr class=\"hidden-xs hidden-sm\"\/>\n<p><a href=\"https:\/\/www.storevan.com\/allestimenti-veicoli-commerciali\/furgoni-iveco\/daily\/\" class=\"txtOrange\" title=\"Am\u00e9nagement pour Iveco Daily 2014\"><img decoding=\"async\" loading=\"lazy\" class=\"aligncenter wp-image-40237 size-full\" src=\"https:\/\/www.storevan.com\/wp-content\/uploads\/veicoli\/iveco\/daily\/Allestimento-furgoni-Iveco-Daily-2014-1.jpg\" alt=\"Am\u00e9nagement fourgons Iveco Daily 2014\" width=\"350\" height=\"220\" \/><br \/>\nAm\u00e9nagement pour Iveco Daily 2014 <i class=\"fa fa-angle-double-right\"><\/i><\/a><br \/>\n<a href=\"https:\/\/www.storevan.com\/allestimenti-veicoli-commerciali\/furgoni-iveco\/daily\/pianali-pannellature\/\" class=\"txtOrange\" title=\"Plancher et rev\u00eatements int\u00e9rieurs Iveco Daily 2014\">Plancher et rev\u00eatements int\u00e9rieurs <i class=\"fa fa-angle-double-right\"><\/i><\/a><br \/>\n<a href=\"https:\/\/www.storevan.com\/allestimenti-veicoli-commerciali\/furgoni-iveco\/daily\/portascale-portatutto\/\" class=\"txtOrange\" title=\"Porte-\u00e9chelles et porte-tubes pour Iveco Daily 2014\">Porte-\u00e9chelles et porte-tubes pour <i class=\"fa fa-angle-double-right\"><\/i><\/a> <\/p>\n<hr noshade=\"noshade\" size=\"1\" class=\"visible-xs\" \/>\n<\/div><div class=\"clearboth\"><\/div>\n<p>\u00abQuel souci de ne pas disposer de ce dont on a besoin au bon moment et de devoir perdre du temps ou, pire, refuser de fournir un service \u00e0 sa client\u00e8le!\u00bb. Au-del\u00e0 des probl\u00e8mes subjectifs, il s\u2019agit statistiquement du commentaire le plus r\u00e9current parmi les artisans et les travailleurs ind\u00e9pendants qui nous contactent apr\u00e8s avoir jet\u00e9 un \u0153il \u00e0 l\u2019espace que Store Van consacre aux am\u00e9nagements r\u00e9alisables sur les v\u00e9hicules utilitaires Iveco. Transformer un fourgon Iveco en atelier mobile est un choix indispensable pour accro\u00eetre la productivit\u00e9 des professionnels. Si le v\u00e9hicule dispose d\u2019une grande capacit\u00e9 de chargement, les solutions potentiellement applicables \u00e0 l\u2019espace de chargement permettent de maximiser sa fonctionnalit\u00e9.\u00a0 Contactez-nous sans engagement pour un conseil sur les possibilit\u00e9s de transformation de votre fourgon en atelier sur quatre roues qui vous permettra d\u2019offrir des prestations d\u2019assistance, de maintenance et de r\u00e9paration en utilisant les meilleures ressources disponibles et les dimensions du v\u00e9hicule.<\/p>\n","protected":false},"excerpt":{"rendered":"<p>Am\u00e9nagements fourgons Iveco Am\u00e9nagement en atelier mobile pour fourgons Iveco Store Van produit des solutions d\u2019am\u00e9nagement sp\u00e9cifiques pour les fourgons IVECO. Rev\u00eatements pour la protection de l\u2019espace de chargement, galeries.<\/p>\n","protected":false},"author":470,"featured_media":0,"parent":26069,"menu_order":0,"comment_status":"closed","ping_status":"closed","template":"","meta":[],"acf":[],"yoast_head":"<!-- This site is optimized with the Yoast SEO plugin v20.11 - https:\/\/yoast.com\/wordpress\/plugins\/seo\/ -->\n<title>Am\u00e9nagements fourgons Iveco<\/title>\n<meta name=\"description\" content=\"Store Van produit des solutions d\u2019am\u00e9nagement sp\u00e9cifiques pour les fourgons IVECO. Rev\u00eatements pour la protection de l\u2019espace de chargement, ..\" \/>\n<meta name=\"robots\" content=\"index, follow, max-snippet:-1, max-image-preview:large, max-video-preview:-1\" \/>\n<link rel=\"canonical\" href=\"https:\/\/www.storevan.com\/fr\/amenagement-vehicules-utilitaires\/fourgons-iveco\/\" \/>\n<meta property=\"og:locale\" content=\"fr_FR\" \/>\n<meta property=\"og:type\" content=\"article\" \/>\n<meta property=\"og:title\" content=\"Am\u00e9nagements fourgons Iveco\" \/>\n<meta property=\"og:description\" content=\"Store Van produit des solutions d\u2019am\u00e9nagement sp\u00e9cifiques pour les fourgons IVECO. Rev\u00eatements pour la protection de l\u2019espace de chargement, ..\" \/>\n<meta property=\"og:url\" content=\"https:\/\/www.storevan.com\/fr\/amenagement-vehicules-utilitaires\/fourgons-iveco\/\" \/>\n<meta property=\"og:site_name\" content=\"Store Van\" \/>\n<meta property=\"article:modified_time\" content=\"2021-10-29T12:06:15+00:00\" \/>\n<meta property=\"og:image\" content=\"https:\/\/www.storevan.com\/wp-content\/uploads\/veicoli\/iveco\/daily\/HOME6-Allestimenti-IVECO.png\" \/>\n<meta name=\"twitter:label1\" content=\"Dur\u00e9e de lecture estim\u00e9e\" \/>\n\t<meta name=\"twitter:data1\" content=\"1 minute\" \/>\n<script type=\"application\/ld+json\" class=\"yoast-schema-graph\">{\"@context\":\"https:\/\/schema.org\",\"@graph\":[{\"@type\":\"WebPage\",\"@id\":\"https:\/\/www.storevan.com\/fr\/amenagement-vehicules-utilitaires\/fourgons-iveco\/\",\"url\":\"https:\/\/www.storevan.com\/fr\/amenagement-vehicules-utilitaires\/fourgons-iveco\/\",\"name\":\"Am\u00e9nagements fourgons Iveco\",\"isPartOf\":{\"@id\":\"https:\/\/www.storevan.com\/pl\/#website\"},\"datePublished\":\"2015-12-14T09:01:18+00:00\",\"dateModified\":\"2021-10-29T12:06:15+00:00\",\"description\":\"Store Van produit des solutions d\u2019am\u00e9nagement sp\u00e9cifiques pour les fourgons IVECO. Rev\u00eatements pour la protection de l\u2019espace de chargement, ..\",\"breadcrumb\":{\"@id\":\"https:\/\/www.storevan.com\/fr\/amenagement-vehicules-utilitaires\/fourgons-iveco\/#breadcrumb\"},\"inLanguage\":\"fr-FR\",\"potentialAction\":[{\"@type\":\"ReadAction\",\"target\":[\"https:\/\/www.storevan.com\/fr\/amenagement-vehicules-utilitaires\/fourgons-iveco\/\"]}]},{\"@type\":\"BreadcrumbList\",\"@id\":\"https:\/\/www.storevan.com\/fr\/amenagement-vehicules-utilitaires\/fourgons-iveco\/#breadcrumb\",\"itemListElement\":[{\"@type\":\"ListItem\",\"position\":1,\"name\":\"Home\",\"item\":\"https:\/\/www.storevan.com\/fr\/\"},{\"@type\":\"ListItem\",\"position\":2,\"name\":\"Am\u00e9nagement de v\u00e9hicule utilitaire\",\"item\":\"https:\/\/www.storevan.com\/fr\/amenagement-vehicules-utilitaires\/\"},{\"@type\":\"ListItem\",\"position\":3,\"name\":\"Iveco\"}]},{\"@type\":\"WebSite\",\"@id\":\"https:\/\/www.storevan.com\/pl\/#website\",\"url\":\"https:\/\/www.storevan.com\/pl\/\",\"name\":\"Store Van\",\"description\":\"Am\u00e9nagements fourgons\",\"potentialAction\":[{\"@type\":\"SearchAction\",\"target\":{\"@type\":\"EntryPoint\",\"urlTemplate\":\"https:\/\/www.storevan.com\/pl\/?s={search_term_string}\"},\"query-input\":\"required name=search_term_string\"}],\"inLanguage\":\"fr-FR\"}]}<\/script>\n<!-- \/ Yoast SEO plugin. -->","yoast_head_json":{"title":"Am\u00e9nagements fourgons Iveco","description":"Store Van produit des solutions d\u2019am\u00e9nagement sp\u00e9cifiques pour les fourgons IVECO. Rev\u00eatements pour la protection de l\u2019espace de chargement, ..","robots":{"index":"index","follow":"follow","max-snippet":"max-snippet:-1","max-image-preview":"max-image-preview:large","max-video-preview":"max-video-preview:-1"},"canonical":"https:\/\/www.storevan.com\/fr\/amenagement-vehicules-utilitaires\/fourgons-iveco\/","og_locale":"fr_FR","og_type":"article","og_title":"Am\u00e9nagements fourgons Iveco","og_description":"Store Van produit des solutions d\u2019am\u00e9nagement sp\u00e9cifiques pour les fourgons IVECO. Rev\u00eatements pour la protection de l\u2019espace de chargement, ..","og_url":"https:\/\/www.storevan.com\/fr\/amenagement-vehicules-utilitaires\/fourgons-iveco\/","og_site_name":"Store Van","article_modified_time":"2021-10-29T12:06:15+00:00","og_image":[{"url":"https:\/\/www.storevan.com\/wp-content\/uploads\/veicoli\/iveco\/daily\/HOME6-Allestimenti-IVECO.png"}],"twitter_misc":{"Dur\u00e9e de lecture estim\u00e9e":"1 minute"},"schema":{"@context":"https:\/\/schema.org","@graph":[{"@type":"WebPage","@id":"https:\/\/www.storevan.com\/fr\/amenagement-vehicules-utilitaires\/fourgons-iveco\/","url":"https:\/\/www.storevan.com\/fr\/amenagement-vehicules-utilitaires\/fourgons-iveco\/","name":"Am\u00e9nagements fourgons Iveco","isPartOf":{"@id":"https:\/\/www.storevan.com\/pl\/#website"},"datePublished":"2015-12-14T09:01:18+00:00","dateModified":"2021-10-29T12:06:15+00:00","description":"Store Van produit des solutions d\u2019am\u00e9nagement sp\u00e9cifiques pour les fourgons IVECO. Rev\u00eatements pour la protection de l\u2019espace de chargement, ..","breadcrumb":{"@id":"https:\/\/www.storevan.com\/fr\/amenagement-vehicules-utilitaires\/fourgons-iveco\/#breadcrumb"},"inLanguage":"fr-FR","potentialAction":[{"@type":"ReadAction","target":["https:\/\/www.storevan.com\/fr\/amenagement-vehicules-utilitaires\/fourgons-iveco\/"]}]},{"@type":"BreadcrumbList","@id":"https:\/\/www.storevan.com\/fr\/amenagement-vehicules-utilitaires\/fourgons-iveco\/#breadcrumb","itemListElement":[{"@type":"ListItem","position":1,"name":"Home","item":"https:\/\/www.storevan.com\/fr\/"},{"@type":"ListItem","position":2,"name":"Am\u00e9nagement de v\u00e9hicule utilitaire","item":"https:\/\/www.storevan.com\/fr\/amenagement-vehicules-utilitaires\/"},{"@type":"ListItem","position":3,"name":"Iveco"}]},{"@type":"WebSite","@id":"https:\/\/www.storevan.com\/pl\/#website","url":"https:\/\/www.storevan.com\/pl\/","name":"Store Van","description":"Am\u00e9nagements fourgons","potentialAction":[{"@type":"SearchAction","target":{"@type":"EntryPoint","urlTemplate":"https:\/\/www.storevan.com\/pl\/?s={search_term_string}"},"query-input":"required name=search_term_string"}],"inLanguage":"fr-FR"}]}},"_links":{"self":[{"href":"https:\/\/www.storevan.com\/fr\/wp-json\/wp\/v2\/pages\/26115"}],"collection":[{"href":"https:\/\/www.storevan.com\/fr\/wp-json\/wp\/v2\/pages"}],"about":[{"href":"https:\/\/www.storevan.com\/fr\/wp-json\/wp\/v2\/types\/page"}],"author":[{"embeddable":true,"href":"https:\/\/www.storevan.com\/fr\/wp-json\/wp\/v2\/users\/470"}],"replies":[{"embeddable":true,"href":"https:\/\/www.storevan.com\/fr\/wp-json\/wp\/v2\/comments?post=26115"}],"version-history":[{"count":8,"href":"https:\/\/www.storevan.com\/fr\/wp-json\/wp\/v2\/pages\/26115\/revisions"}],"predecessor-version":[{"id":135140,"href":"https:\/\/www.storevan.com\/fr\/wp-json\/wp\/v2\/pages\/26115\/revisions\/135140"}],"up":[{"embeddable":true,"href":"https:\/\/www.storevan.com\/fr\/wp-json\/wp\/v2\/pages\/26069"}],"wp:attachment":[{"href":"https:\/\/www.storevan.com\/fr\/wp-json\/wp\/v2\/media?parent=26115"}],"curies":[{"name":"wp","href":"https:\/\/api.w.org\/{rel}","templated":true}]}}

<h1 class="customblackTitleSmall">Aménagements fourgons Iveco</h1>
<h2 class="noUP">Aménagement en atelier mobile pour fourgons Iveco</h2>
<p><img decoding="async" loading="lazy" class="alignright wp-image-43715 size-full" title="Aménagement Iveco" src="https://www.storevan.com/wp-content/uploads/veicoli/iveco/daily/HOME6-Allestimenti-IVECO.png" alt="Aménagement Iveco" width="116" height="105" /></p>
<p>Store Van produit des solutions d’<strong>aménagement</strong> spécifiques pour les <strong>fourgons IVECO</strong>. Revêtements pour la protection de l’espace de chargement, galeries de toit et porte-échelles pour <strong>transporter</strong> un chargement en toute sécurité sur le toit du fourgon, et nombreux rayonnages pour équiper le véhicule utilitaire en fonction des exigences professionnelles spécifiques.</p>
<h3 class="customblackTitleExtraSmall">SÉLECTIONNEZ LE MODÈLE DE VOTRE FOURGON:</h3>
<div class="one_third"></div><div class="one_third last">
<p class="text-center"><strong>IVECO DAILY 2014</strong></p>
<hr class="hidden-xs hidden-sm"/>
<p><a href="https://www.storevan.com/allestimenti-veicoli-commerciali/furgoni-iveco/daily/" class="txtOrange" title="Aménagement pour Iveco Daily 2014"><img decoding="async" loading="lazy" class="aligncenter wp-image-40237 size-full" src="https://www.storevan.com/wp-content/uploads/veicoli/iveco/daily/Allestimento-furgoni-Iveco-Daily-2014-1.jpg" alt="Aménagement fourgons Iveco Daily 2014" width="350" height="220" /><br />
Aménagement pour Iveco Daily 2014 <i class="fa fa-angle-double-right"></i></a><br />
<a href="https://www.storevan.com/allestimenti-veicoli-commerciali/furgoni-iveco/daily/pianali-pannellature/" class="txtOrange" title="Plancher et revêtements intérieurs Iveco Daily 2014">Plancher et revêtements intérieurs <i class="fa fa-angle-double-right"></i></a><br />
<a href="https://www.storevan.com/allestimenti-veicoli-commerciali/furgoni-iveco/daily/portascale-portatutto/" class="txtOrange" title="Porte-échelles et porte-tubes pour Iveco Daily 2014">Porte-échelles et porte-tubes pour <i class="fa fa-angle-double-right"></i></a> </p>
<hr noshade="noshade" size="1" class="visible-xs" />
</div><div class="clearboth"></div>
<p>«Quel souci de ne pas disposer de ce dont on a besoin au bon moment et de devoir perdre du temps ou, pire, refuser de fournir un service à sa clientèle!». Au-delà des problèmes subjectifs, il s’agit statistiquement du commentaire le plus récurrent parmi les artisans et les travailleurs indépendants qui nous contactent après avoir jeté un œil à l’espace que Store Van consacre aux aménagements réalisables sur les véhicules utilitaires Iveco. Transformer un fourgon Iveco en atelier mobile est un choix indispensable pour accroître la productivité des professionnels. Si le véhicule dispose d’une grande capacité de chargement, les solutions potentiellement applicables à l’espace de chargement permettent de maximiser sa fonctionnalité.  Contactez-nous sans engagement pour un conseil sur les possibilités de transformation de votre fourgon en atelier sur quatre roues qui vous permettra d’offrir des prestations d’assistance, de maintenance et de réparation en utilisant les meilleures ressources disponibles et les dimensions du véhicule.</p>

<p>Aménagements fourgons Iveco Aménagement en atelier mobile pour fourgons Iveco Store Van produit des solutions d’aménagement spécifiques pour les fourgons IVECO. Revêtements pour la protection de l’espace de chargement, galeries.</p>

<!-- This site is optimized with the Yoast SEO plugin v20.11 - https://yoast.com/wordpress/plugins/seo/ -->
<title>Aménagements fourgons Iveco</title>
<meta name="description" content="Store Van produit des solutions d’aménagement spécifiques pour les fourgons IVECO. Revêtements pour la protection de l’espace de chargement, .." />
<meta name="robots" content="index, follow, max-snippet:-1, max-image-preview:large, max-video-preview:-1" />
<link rel="canonical" href="https://www.storevan.com/fr/amenagement-vehicules-utilitaires/fourgons-iveco/" />
<meta property="og:locale" content="fr_FR" />
<meta property="og:type" content="article" />
<meta property="og:title" content="Aménagements fourgons Iveco" />
<meta property="og:description" content="Store Van produit des solutions d’aménagement spécifiques pour les fourgons IVECO. Revêtements pour la protection de l’espace de chargement, .." />
<meta property="og:url" content="https://www.storevan.com/fr/amenagement-vehicules-utilitaires/fourgons-iveco/" />
<meta property="og:site_name" content="Store Van" />
<meta property="article:modified_time" content="2021-10-29T12:06:15+00:00" />
<meta property="og:image" content="https://www.storevan.com/wp-content/uploads/veicoli/iveco/daily/HOME6-Allestimenti-IVECO.png" />
<meta name="twitter:label1" content="Durée de lecture estimée" />
	<meta name="twitter:data1" content="1 minute" />
<script type="application/ld+json" class="yoast-schema-graph">{"@context":"https://schema.org","@graph":[{"@type":"WebPage","@id":"https://www.storevan.com/fr/amenagement-vehicules-utilitaires/fourgons-iveco/","url":"https://www.storevan.com/fr/amenagement-vehicules-utilitaires/fourgons-iveco/","name":"Aménagements fourgons Iveco","isPartOf":{"@id":"https://www.storevan.com/pl/#website"},"datePublished":"2015-12-14T09:01:18+00:00","dateModified":"2021-10-29T12:06:15+00:00","description":"Store Van produit des solutions d’aménagement spécifiques pour les fourgons IVECO. Revêtements pour la protection de l’espace de chargement, ..","breadcrumb":{"@id":"https://www.storevan.com/fr/amenagement-vehicules-utilitaires/fourgons-iveco/#breadcrumb"},"inLanguage":"fr-FR","potentialAction":[{"@type":"ReadAction","target":["https://www.storevan.com/fr/amenagement-vehicules-utilitaires/fourgons-iveco/"]}]},{"@type":"BreadcrumbList","@id":"https://www.storevan.com/fr/amenagement-vehicules-utilitaires/fourgons-iveco/#breadcrumb","itemListElement":[{"@type":"ListItem","position":1,"name":"Home","item":"https://www.storevan.com/fr/"},{"@type":"ListItem","position":2,"name":"Aménagement de véhicule utilitaire","item":"https://www.storevan.com/fr/amenagement-vehicules-utilitaires/"},{"@type":"ListItem","position":3,"name":"Iveco"}]},{"@type":"WebSite","@id":"https://www.storevan.com/pl/#website","url":"https://www.storevan.com/pl/","name":"Store Van","description":"Aménagements fourgons","potentialAction":[{"@type":"SearchAction","target":{"@type":"EntryPoint","urlTemplate":"https://www.storevan.com/pl/?s={search_term_string}"},"query-input":"required name=search_term_string"}],"inLanguage":"fr-FR"}]}</script>
<!-- / Yoast SEO plugin. -->

Aménagements fourgons Iveco

Store Van produit des solutions d’aménagement spécifiques pour les fourgons IVECO. Revêtements pour la protection de l’espace de chargement, ..

Aménagement de véhicule utilitaire

Aménagements fourgons
