{"id":53489,"date":"2017-03-09T10:48:32","date_gmt":"2017-03-09T10:48:32","guid":{"rendered":"https:\/\/www.storevan.com\/allestimento-furgoni-svizzera\/"},"modified":"2025-11-24T13:27:33","modified_gmt":"2025-11-24T13:27:33","slug":"equipamiento-furgonetas-suiza","status":"publish","type":"page","link":"https:\/\/www.storevan.com\/es\/equipamiento-furgonetas-suiza\/","title":{"rendered":"Equipamiento para furgonetas StoreVan &#8211; Filial de Suiza"},"content":{"rendered":"<h1 class=\"customblackTitleSmall\">Equipamiento para furgonetas StoreVan &#8211; Filial de Suiza<\/h1>\n<p style=\"text-align: justify;\">StoreVan ha continuado a consolidar su marca en los mercados extranjeros ampliando la red de ventas de productos para el <strong>equipamiento de furgonetas<\/strong> con la <strong>filial suiza Fami AG<\/strong>.<\/p>\n<p style=\"text-align: justify;\">Tambi\u00e9n Suiza tiene su punto de referencia StoreVan especializado en el dise\u00f1o y montaje de mobiliarios y equipamientos para veh\u00edculos comerciales, una realidad en continua evoluci\u00f3n que propone soluciones personalizadas de talleres m\u00f3viles para una amplia variedad de categor\u00edas profesionales, utilizando toda la gama de estanter\u00edas modulares, recubrimientos de protecci\u00f3n de la carrocer\u00eda y de la carga, equipos y accesorios para furgonetas StoreVan.<\/p>\n<p style=\"text-align: justify;\">El equipo local de t\u00e9cnicos profesionales, que conoce perfectamente el producto StoreVan y el \u201csistema de equipamiento\u201d, ofrece la misma calidad de servicio que los otros centros autorizados de montaje italianos, as\u00ed logrando un nivel de calidad homog\u00e9neo.<\/p>\n<div class=\"col-xs-12 col-md-6 col-lg-6\">\n<a href=\"https:\/\/www.storevan.com\/wp-content\/uploads\/2023\/06\/stabilimento.jpg\"><img decoding=\"async\" loading=\"lazy\" class=\"aligncenter wp-image-152213 size-full\" src=\"https:\/\/www.storevan.com\/wp-content\/uploads\/2023\/06\/stabilimento.jpg\" alt=\"\" width=\"600\" height=\"455\" srcset=\"https:\/\/www.storevan.com\/wp-content\/uploads\/2023\/06\/stabilimento.jpg 600w, https:\/\/www.storevan.com\/wp-content\/uploads\/2023\/06\/stabilimento-300x228.jpg 300w\" sizes=\"(max-width: 600px) 100vw, 600px\" \/><\/a>\n<\/div>\n<div class=\"col-xs-12 col-md-6 col-lg-6\">\n<p style=\"margin-left:10px;\"><strong>Fami Ag<\/strong><br \/>\nTannenwiesenstrasse 5a<br \/>\n8570 Weinfelden<br \/>\nTelefon: +41 (0)71 699 19 14<br \/>\nFax: +41 (0)71 699 19 12<br \/>\n<a href=\"mailto:info@fami-ag.ch\">info@fami-ag.ch<\/a><br \/>\n<a href=\"https:\/\/fami-ag.ch\/\">www.fami-ag.ch<\/a>\n<\/p>\n<div class=\"col-xs-6 col-md-6\"><a href=\"https:\/\/www.storevan.com\/wp-content\/uploads\/2023\/06\/showroom-300x223.jpg\"><img decoding=\"async\" loading=\"lazy\" class=\"wp-image-152207 size-medium aligncenter\" src=\"https:\/\/www.storevan.com\/wp-content\/uploads\/2023\/06\/showroom-300x223.jpg\" alt=\"\" width=\"300\" height=\"223\" srcset=\"https:\/\/www.storevan.com\/wp-content\/uploads\/2023\/06\/showroom-300x223.jpg 300w, https:\/\/www.storevan.com\/wp-content\/uploads\/2023\/06\/showroom.jpg 600w\" sizes=\"(max-width: 300px) 100vw, 300px\" \/><\/a><\/div>\n<div class=\"col-xs-6 col-md-6\"><a href=\"https:\/\/www.storevan.com\/wp-content\/uploads\/2023\/06\/uffici-300x225.jpg\"><img decoding=\"async\" loading=\"lazy\" class=\"wp-image-152219 size-medium aligncenter\" src=\"https:\/\/www.storevan.com\/wp-content\/uploads\/2023\/06\/uffici-300x225.jpg\" alt=\"\" width=\"300\" height=\"225\" srcset=\"https:\/\/www.storevan.com\/wp-content\/uploads\/2023\/06\/uffici-300x225.jpg 300w, https:\/\/www.storevan.com\/wp-content\/uploads\/2023\/06\/uffici-425x320.jpg 425w, https:\/\/www.storevan.com\/wp-content\/uploads\/2023\/06\/uffici.jpg 600w\" sizes=\"(max-width: 300px) 100vw, 300px\" \/><\/a><\/div>\n<hr class=\"noColor\" style=\"clear:both\"\/>\n<\/div>\n<hr class=\"noColor\" style=\"clear:both\"\/>\n","protected":false},"excerpt":{"rendered":"<p>Equipamiento para furgonetas StoreVan &#8211; Filial de Suiza StoreVan ha continuado a consolidar su marca en los mercados extranjeros ampliando la red de ventas de productos para el equipamiento de.<\/p>\n","protected":false},"author":470,"featured_media":0,"parent":0,"menu_order":0,"comment_status":"closed","ping_status":"closed","template":"","meta":[],"acf":[],"yoast_head":"<!-- This site is optimized with the Yoast SEO plugin v20.11 - https:\/\/yoast.com\/wordpress\/plugins\/seo\/ -->\n<title>Equipamiento para furgonetas StoreVan - Filial de Suiza<\/title>\n<meta name=\"description\" content=\"Equipamiento furgonetas en Suiza. Equipamientos personalizados de talleres m\u00f3viles para veh\u00edculos comerciales: estanter\u00edas, bancos de trabajo, suelos.\" \/>\n<meta name=\"robots\" content=\"index, follow, max-snippet:-1, max-image-preview:large, max-video-preview:-1\" \/>\n<link rel=\"canonical\" href=\"https:\/\/www.storevan.com\/es\/equipamiento-furgonetas-suiza\/\" \/>\n<meta property=\"og:locale\" content=\"es_ES\" \/>\n<meta property=\"og:type\" content=\"article\" \/>\n<meta property=\"og:title\" content=\"Equipamiento para furgonetas StoreVan - Filial de Suiza\" \/>\n<meta property=\"og:description\" content=\"Equipamiento furgonetas en Suiza. Equipamientos personalizados de talleres m\u00f3viles para veh\u00edculos comerciales: estanter\u00edas, bancos de trabajo, suelos.\" \/>\n<meta property=\"og:url\" content=\"https:\/\/www.storevan.com\/es\/equipamiento-furgonetas-suiza\/\" \/>\n<meta property=\"og:site_name\" content=\"Store Van\" \/>\n<meta property=\"article:modified_time\" content=\"2025-11-24T13:27:33+00:00\" \/>\n<meta property=\"og:image\" content=\"https:\/\/www.storevan.com\/wp-content\/uploads\/2023\/06\/stabilimento.jpg\" \/>\n<meta name=\"twitter:label1\" content=\"Tiempo de lectura\" \/>\n\t<meta name=\"twitter:data1\" content=\"2 minutos\" \/>\n<script type=\"application\/ld+json\" class=\"yoast-schema-graph\">{\"@context\":\"https:\/\/schema.org\",\"@graph\":[{\"@type\":\"WebPage\",\"@id\":\"https:\/\/www.storevan.com\/es\/equipamiento-furgonetas-suiza\/\",\"url\":\"https:\/\/www.storevan.com\/es\/equipamiento-furgonetas-suiza\/\",\"name\":\"Equipamiento para furgonetas StoreVan - Filial de Suiza\",\"isPartOf\":{\"@id\":\"https:\/\/www.storevan.com\/pl\/#website\"},\"datePublished\":\"2017-03-09T10:48:32+00:00\",\"dateModified\":\"2025-11-24T13:27:33+00:00\",\"description\":\"Equipamiento furgonetas en Suiza. Equipamientos personalizados de talleres m\u00f3viles para veh\u00edculos comerciales: estanter\u00edas, bancos de trabajo, suelos.\",\"breadcrumb\":{\"@id\":\"https:\/\/www.storevan.com\/es\/equipamiento-furgonetas-suiza\/#breadcrumb\"},\"inLanguage\":\"es\",\"potentialAction\":[{\"@type\":\"ReadAction\",\"target\":[\"https:\/\/www.storevan.com\/es\/equipamiento-furgonetas-suiza\/\"]}]},{\"@type\":\"BreadcrumbList\",\"@id\":\"https:\/\/www.storevan.com\/es\/equipamiento-furgonetas-suiza\/#breadcrumb\",\"itemListElement\":[{\"@type\":\"ListItem\",\"position\":1,\"name\":\"Home\",\"item\":\"https:\/\/www.storevan.com\/es\/\"},{\"@type\":\"ListItem\",\"position\":2,\"name\":\"Equipamiento para furgonetas StoreVan &#8211; Filial de Suiza\"}]},{\"@type\":\"WebSite\",\"@id\":\"https:\/\/www.storevan.com\/pl\/#website\",\"url\":\"https:\/\/www.storevan.com\/pl\/\",\"name\":\"Store Van\",\"description\":\"Equipamientos furgonetas\",\"potentialAction\":[{\"@type\":\"SearchAction\",\"target\":{\"@type\":\"EntryPoint\",\"urlTemplate\":\"https:\/\/www.storevan.com\/pl\/?s={search_term_string}\"},\"query-input\":\"required name=search_term_string\"}],\"inLanguage\":\"es\"}]}<\/script>\n<!-- \/ Yoast SEO plugin. -->","yoast_head_json":{"title":"Equipamiento para furgonetas StoreVan - Filial de Suiza","description":"Equipamiento furgonetas en Suiza. Equipamientos personalizados de talleres m\u00f3viles para veh\u00edculos comerciales: estanter\u00edas, bancos de trabajo, suelos.","robots":{"index":"index","follow":"follow","max-snippet":"max-snippet:-1","max-image-preview":"max-image-preview:large","max-video-preview":"max-video-preview:-1"},"canonical":"https:\/\/www.storevan.com\/es\/equipamiento-furgonetas-suiza\/","og_locale":"es_ES","og_type":"article","og_title":"Equipamiento para furgonetas StoreVan - Filial de Suiza","og_description":"Equipamiento furgonetas en Suiza. Equipamientos personalizados de talleres m\u00f3viles para veh\u00edculos comerciales: estanter\u00edas, bancos de trabajo, suelos.","og_url":"https:\/\/www.storevan.com\/es\/equipamiento-furgonetas-suiza\/","og_site_name":"Store Van","article_modified_time":"2025-11-24T13:27:33+00:00","og_image":[{"url":"https:\/\/www.storevan.com\/wp-content\/uploads\/2023\/06\/stabilimento.jpg"}],"twitter_misc":{"Tiempo de lectura":"2 minutos"},"schema":{"@context":"https:\/\/schema.org","@graph":[{"@type":"WebPage","@id":"https:\/\/www.storevan.com\/es\/equipamiento-furgonetas-suiza\/","url":"https:\/\/www.storevan.com\/es\/equipamiento-furgonetas-suiza\/","name":"Equipamiento para furgonetas StoreVan - Filial de Suiza","isPartOf":{"@id":"https:\/\/www.storevan.com\/pl\/#website"},"datePublished":"2017-03-09T10:48:32+00:00","dateModified":"2025-11-24T13:27:33+00:00","description":"Equipamiento furgonetas en Suiza. Equipamientos personalizados de talleres m\u00f3viles para veh\u00edculos comerciales: estanter\u00edas, bancos de trabajo, suelos.","breadcrumb":{"@id":"https:\/\/www.storevan.com\/es\/equipamiento-furgonetas-suiza\/#breadcrumb"},"inLanguage":"es","potentialAction":[{"@type":"ReadAction","target":["https:\/\/www.storevan.com\/es\/equipamiento-furgonetas-suiza\/"]}]},{"@type":"BreadcrumbList","@id":"https:\/\/www.storevan.com\/es\/equipamiento-furgonetas-suiza\/#breadcrumb","itemListElement":[{"@type":"ListItem","position":1,"name":"Home","item":"https:\/\/www.storevan.com\/es\/"},{"@type":"ListItem","position":2,"name":"Equipamiento para furgonetas StoreVan &#8211; Filial de Suiza"}]},{"@type":"WebSite","@id":"https:\/\/www.storevan.com\/pl\/#website","url":"https:\/\/www.storevan.com\/pl\/","name":"Store Van","description":"Equipamientos furgonetas","potentialAction":[{"@type":"SearchAction","target":{"@type":"EntryPoint","urlTemplate":"https:\/\/www.storevan.com\/pl\/?s={search_term_string}"},"query-input":"required name=search_term_string"}],"inLanguage":"es"}]}},"_links":{"self":[{"href":"https:\/\/www.storevan.com\/es\/wp-json\/wp\/v2\/pages\/53489"}],"collection":[{"href":"https:\/\/www.storevan.com\/es\/wp-json\/wp\/v2\/pages"}],"about":[{"href":"https:\/\/www.storevan.com\/es\/wp-json\/wp\/v2\/types\/page"}],"author":[{"embeddable":true,"href":"https:\/\/www.storevan.com\/es\/wp-json\/wp\/v2\/users\/470"}],"replies":[{"embeddable":true,"href":"https:\/\/www.storevan.com\/es\/wp-json\/wp\/v2\/comments?post=53489"}],"version-history":[{"count":6,"href":"https:\/\/www.storevan.com\/es\/wp-json\/wp\/v2\/pages\/53489\/revisions"}],"predecessor-version":[{"id":163620,"href":"https:\/\/www.storevan.com\/es\/wp-json\/wp\/v2\/pages\/53489\/revisions\/163620"}],"wp:attachment":[{"href":"https:\/\/www.storevan.com\/es\/wp-json\/wp\/v2\/media?parent=53489"}],"curies":[{"name":"wp","href":"https:\/\/api.w.org\/{rel}","templated":true}]}}

<h1 class="customblackTitleSmall">Equipamiento para furgonetas StoreVan &#8211; Filial de Suiza</h1>
<p style="text-align: justify;">StoreVan ha continuado a consolidar su marca en los mercados extranjeros ampliando la red de ventas de productos para el <strong>equipamiento de furgonetas</strong> con la <strong>filial suiza Fami AG</strong>.</p>
<p style="text-align: justify;">También Suiza tiene su punto de referencia StoreVan especializado en el diseño y montaje de mobiliarios y equipamientos para vehículos comerciales, una realidad en continua evolución que propone soluciones personalizadas de talleres móviles para una amplia variedad de categorías profesionales, utilizando toda la gama de estanterías modulares, recubrimientos de protección de la carrocería y de la carga, equipos y accesorios para furgonetas StoreVan.</p>
<p style="text-align: justify;">El equipo local de técnicos profesionales, que conoce perfectamente el producto StoreVan y el “sistema de equipamiento”, ofrece la misma calidad de servicio que los otros centros autorizados de montaje italianos, así logrando un nivel de calidad homogéneo.</p>
<div class="col-xs-12 col-md-6 col-lg-6">
<a href="https://www.storevan.com/wp-content/uploads/2023/06/stabilimento.jpg"><img decoding="async" loading="lazy" class="aligncenter wp-image-152213 size-full" src="https://www.storevan.com/wp-content/uploads/2023/06/stabilimento.jpg" alt="" width="600" height="455" srcset="https://www.storevan.com/wp-content/uploads/2023/06/stabilimento.jpg 600w, https://www.storevan.com/wp-content/uploads/2023/06/stabilimento-300x228.jpg 300w" sizes="(max-width: 600px) 100vw, 600px" /></a>
</div>
<div class="col-xs-12 col-md-6 col-lg-6">
<p style="margin-left:10px;"><strong>Fami Ag</strong><br />
Tannenwiesenstrasse 5a<br />
8570 Weinfelden<br />
Telefon: +41 (0)71 699 19 14<br />
Fax: +41 (0)71 699 19 12<br />
<a href="mailto:info@fami-ag.ch">info@fami-ag.ch</a><br />
<a href="https://fami-ag.ch/">www.fami-ag.ch</a>
</p>
<div class="col-xs-6 col-md-6"><a href="https://www.storevan.com/wp-content/uploads/2023/06/showroom-300x223.jpg"><img decoding="async" loading="lazy" class="wp-image-152207 size-medium aligncenter" src="https://www.storevan.com/wp-content/uploads/2023/06/showroom-300x223.jpg" alt="" width="300" height="223" srcset="https://www.storevan.com/wp-content/uploads/2023/06/showroom-300x223.jpg 300w, https://www.storevan.com/wp-content/uploads/2023/06/showroom.jpg 600w" sizes="(max-width: 300px) 100vw, 300px" /></a></div>
<div class="col-xs-6 col-md-6"><a href="https://www.storevan.com/wp-content/uploads/2023/06/uffici-300x225.jpg"><img decoding="async" loading="lazy" class="wp-image-152219 size-medium aligncenter" src="https://www.storevan.com/wp-content/uploads/2023/06/uffici-300x225.jpg" alt="" width="300" height="225" srcset="https://www.storevan.com/wp-content/uploads/2023/06/uffici-300x225.jpg 300w, https://www.storevan.com/wp-content/uploads/2023/06/uffici-425x320.jpg 425w, https://www.storevan.com/wp-content/uploads/2023/06/uffici.jpg 600w" sizes="(max-width: 300px) 100vw, 300px" /></a></div>
<hr class="noColor" style="clear:both"/>
</div>
<hr class="noColor" style="clear:both"/>

<!-- This site is optimized with the Yoast SEO plugin v20.11 - https://yoast.com/wordpress/plugins/seo/ -->
<title>Equipamiento para furgonetas StoreVan - Filial de Suiza</title>
<meta name="description" content="Equipamiento furgonetas en Suiza. Equipamientos personalizados de talleres móviles para vehículos comerciales: estanterías, bancos de trabajo, suelos." />
<meta name="robots" content="index, follow, max-snippet:-1, max-image-preview:large, max-video-preview:-1" />
<link rel="canonical" href="https://www.storevan.com/es/equipamiento-furgonetas-suiza/" />
<meta property="og:locale" content="es_ES" />
<meta property="og:type" content="article" />
<meta property="og:title" content="Equipamiento para furgonetas StoreVan - Filial de Suiza" />
<meta property="og:description" content="Equipamiento furgonetas en Suiza. Equipamientos personalizados de talleres móviles para vehículos comerciales: estanterías, bancos de trabajo, suelos." />
<meta property="og:url" content="https://www.storevan.com/es/equipamiento-furgonetas-suiza/" />
<meta property="og:site_name" content="Store Van" />
<meta property="article:modified_time" content="2025-11-24T13:27:33+00:00" />
<meta property="og:image" content="https://www.storevan.com/wp-content/uploads/2023/06/stabilimento.jpg" />
<meta name="twitter:label1" content="Tiempo de lectura" />
	<meta name="twitter:data1" content="2 minutos" />
<script type="application/ld+json" class="yoast-schema-graph">{"@context":"https://schema.org","@graph":[{"@type":"WebPage","@id":"https://www.storevan.com/es/equipamiento-furgonetas-suiza/","url":"https://www.storevan.com/es/equipamiento-furgonetas-suiza/","name":"Equipamiento para furgonetas StoreVan - Filial de Suiza","isPartOf":{"@id":"https://www.storevan.com/pl/#website"},"datePublished":"2017-03-09T10:48:32+00:00","dateModified":"2025-11-24T13:27:33+00:00","description":"Equipamiento furgonetas en Suiza. Equipamientos personalizados de talleres móviles para vehículos comerciales: estanterías, bancos de trabajo, suelos.","breadcrumb":{"@id":"https://www.storevan.com/es/equipamiento-furgonetas-suiza/#breadcrumb"},"inLanguage":"es","potentialAction":[{"@type":"ReadAction","target":["https://www.storevan.com/es/equipamiento-furgonetas-suiza/"]}]},{"@type":"BreadcrumbList","@id":"https://www.storevan.com/es/equipamiento-furgonetas-suiza/#breadcrumb","itemListElement":[{"@type":"ListItem","position":1,"name":"Home","item":"https://www.storevan.com/es/"},{"@type":"ListItem","position":2,"name":"Equipamiento para furgonetas StoreVan &#8211; Filial de Suiza"}]},{"@type":"WebSite","@id":"https://www.storevan.com/pl/#website","url":"https://www.storevan.com/pl/","name":"Store Van","description":"Equipamientos furgonetas","potentialAction":[{"@type":"SearchAction","target":{"@type":"EntryPoint","urlTemplate":"https://www.storevan.com/pl/?s={search_term_string}"},"query-input":"required name=search_term_string"}],"inLanguage":"es"}]}</script>
<!-- / Yoast SEO plugin. -->

Equipamiento furgonetas en Suiza. Equipamientos personalizados de talleres móviles para vehículos comerciales: estanterías, bancos de trabajo, suelos.
