{"id":53486,"date":"2017-03-09T10:48:28","date_gmt":"2017-03-09T10:48:28","guid":{"rendered":"https:\/\/www.storevan.com\/allestimento-furgoni-germania\/"},"modified":"2023-06-22T15:22:14","modified_gmt":"2023-06-22T15:22:14","slug":"equipamiento-furgonetas-alemania","status":"publish","type":"page","link":"https:\/\/www.storevan.com\/es\/equipamiento-furgonetas-alemania\/","title":{"rendered":"Equipamiento para furgonetas StoreVan &#8211; Filial de Alemania"},"content":{"rendered":"<h1 class=\"customblackTitleSmall\">Equipamiento para furgonetas StoreVan &#8211; Filial de Alemania<\/h1>\n<p style=\"text-align: justify;\">Despu\u00e9s de haberse consolidado en el mercado italiano, la marca StoreVan, que debe su \u00e9xito a la inversi\u00f3n continua en el desarrollo de soluciones personalizadas para el <strong>equipamiento de furgonetas<\/strong>, se ha impuesto tambi\u00e9n en el extranjero por el excelente servicio ofrecido por sus filiales.<\/p>\n<p style=\"text-align: justify;\">Con la <strong>filial alemana Fami Deutschland GmbH<\/strong>, StoreVan distribuye, en todos los rincones de Alemania, los mismos productos de calidad, la misma excelencia en el dise\u00f1o y la misma profesionalidad en la realizaci\u00f3n de talleres m\u00f3viles que se garantizan a los clientes italianos, siguiendo al comprador en cada etapa, desde el dise\u00f1o de la mejor soluci\u00f3n a la instalaci\u00f3n realizada por t\u00e9cnicos especializados y capacitados directamente por la casa madre.<\/p>\n<p style=\"text-align: justify;\">La filial, abierta desde hace unos a\u00f1os, es un aut\u00e9ntico puesto avanzado comercial, donde el personal siempre est\u00e1 disponible para hacer presupuestos gratuitos realizados en detalle y acompa\u00f1ados por <strong>dise\u00f1os en 3D<\/strong>, una reproducci\u00f3n fiel del equipamiento de la zona de carga de la furgoneta con estanter\u00edas modulares, cajoneras, bancos de trabajo, contenedores para piezas peque\u00f1as, recubrimientos interiores para veh\u00edculos comerciales, bacas y portaescaleras.<\/p>\n<p style=\"text-align: justify;\"><div class=\"one_half\"><a href=\"https:\/\/www.storevan.com\/wp-content\/uploads\/2023\/06\/STOREVAN-GERMANY-FAMI-DEUTSCHLAND-G.jpg\"><img decoding=\"async\" loading=\"lazy\" class=\"alignnone wp-image-152129 size-full\" title=\"Equipamiento para furgonetas StoreVan - Filial de Alemania\" src=\"https:\/\/www.storevan.com\/wp-content\/uploads\/2023\/06\/STOREVAN-GERMANY-FAMI-DEUTSCHLAND-G.jpg\" alt=\"\" width=\"555\" height=\"230\" srcset=\"https:\/\/www.storevan.com\/wp-content\/uploads\/2023\/06\/STOREVAN-GERMANY-FAMI-DEUTSCHLAND-G.jpg 555w, https:\/\/www.storevan.com\/wp-content\/uploads\/2023\/06\/STOREVAN-GERMANY-FAMI-DEUTSCHLAND-G-300x124.jpg 300w\" sizes=\"(max-width: 555px) 100vw, 555px\" \/><\/a><\/div><div class=\"one_half last\">\n<p><strong>Fami Deutschland GmbH<\/strong><br \/>\nBenzstra\u00dfe 11 a-c<br \/>\n82178 Puchheim &#8211; Deutschland<br \/>\nTelefon: +49 (0)89 1434078 0<\/p>\n<p><a href=\"mailto:info@fami.de\">info@fami.de<\/a><br \/>\n<a title=\"Fahrzeugeinrichtung StoreVan\" href=\"https:\/\/www.storevan.de\">www.storevan.de<\/a><\/p>\n<p style=\"text-align: justify;\"><\/div><div class=\"clearboth\"><\/div>\n","protected":false},"excerpt":{"rendered":"<p>Equipamiento para furgonetas StoreVan &#8211; Filial de Alemania Despu\u00e9s de haberse consolidado en el mercado italiano, la marca StoreVan, que debe su \u00e9xito a la inversi\u00f3n continua en el desarrollo.<\/p>\n","protected":false},"author":470,"featured_media":0,"parent":0,"menu_order":0,"comment_status":"closed","ping_status":"closed","template":"","meta":[],"acf":[],"yoast_head":"<!-- This site is optimized with the Yoast SEO plugin v20.11 - https:\/\/yoast.com\/wordpress\/plugins\/seo\/ -->\n<title>Equipamiento para furgonetas StoreVan - Filial de Alemania<\/title>\n<meta name=\"description\" content=\"Equipamientos furgonetas StoreVan en Alemania, filial de Puchheim, Alemania. Taller m\u00f3vil personalizado para veh\u00edculos comerciales: estanter\u00edas, cajoneras.\" \/>\n<meta name=\"robots\" content=\"index, follow, max-snippet:-1, max-image-preview:large, max-video-preview:-1\" \/>\n<link rel=\"canonical\" href=\"https:\/\/www.storevan.com\/es\/equipamiento-furgonetas-alemania\/\" \/>\n<meta property=\"og:locale\" content=\"es_ES\" \/>\n<meta property=\"og:type\" content=\"article\" \/>\n<meta property=\"og:title\" content=\"Equipamiento para furgonetas StoreVan - Filial de Alemania\" \/>\n<meta property=\"og:description\" content=\"Equipamientos furgonetas StoreVan en Alemania, filial de Puchheim, Alemania. Taller m\u00f3vil personalizado para veh\u00edculos comerciales: estanter\u00edas, cajoneras.\" \/>\n<meta property=\"og:url\" content=\"https:\/\/www.storevan.com\/es\/equipamiento-furgonetas-alemania\/\" \/>\n<meta property=\"og:site_name\" content=\"Store Van\" \/>\n<meta property=\"article:modified_time\" content=\"2023-06-22T15:22:14+00:00\" \/>\n<meta property=\"og:image\" content=\"https:\/\/www.storevan.com\/wp-content\/uploads\/2023\/06\/STOREVAN-GERMANY-FAMI-DEUTSCHLAND-G.jpg\" \/>\n<meta name=\"twitter:label1\" content=\"Tiempo de lectura\" \/>\n\t<meta name=\"twitter:data1\" content=\"2 minutos\" \/>\n<script type=\"application\/ld+json\" class=\"yoast-schema-graph\">{\"@context\":\"https:\/\/schema.org\",\"@graph\":[{\"@type\":\"WebPage\",\"@id\":\"https:\/\/www.storevan.com\/es\/equipamiento-furgonetas-alemania\/\",\"url\":\"https:\/\/www.storevan.com\/es\/equipamiento-furgonetas-alemania\/\",\"name\":\"Equipamiento para furgonetas StoreVan - Filial de Alemania\",\"isPartOf\":{\"@id\":\"https:\/\/www.storevan.com\/pl\/#website\"},\"datePublished\":\"2017-03-09T10:48:28+00:00\",\"dateModified\":\"2023-06-22T15:22:14+00:00\",\"description\":\"Equipamientos furgonetas StoreVan en Alemania, filial de Puchheim, Alemania. Taller m\u00f3vil personalizado para veh\u00edculos comerciales: estanter\u00edas, cajoneras.\",\"breadcrumb\":{\"@id\":\"https:\/\/www.storevan.com\/es\/equipamiento-furgonetas-alemania\/#breadcrumb\"},\"inLanguage\":\"es\",\"potentialAction\":[{\"@type\":\"ReadAction\",\"target\":[\"https:\/\/www.storevan.com\/es\/equipamiento-furgonetas-alemania\/\"]}]},{\"@type\":\"BreadcrumbList\",\"@id\":\"https:\/\/www.storevan.com\/es\/equipamiento-furgonetas-alemania\/#breadcrumb\",\"itemListElement\":[{\"@type\":\"ListItem\",\"position\":1,\"name\":\"Home\",\"item\":\"https:\/\/www.storevan.com\/es\/\"},{\"@type\":\"ListItem\",\"position\":2,\"name\":\"Equipamiento para furgonetas StoreVan &#8211; Filial de Alemania\"}]},{\"@type\":\"WebSite\",\"@id\":\"https:\/\/www.storevan.com\/pl\/#website\",\"url\":\"https:\/\/www.storevan.com\/pl\/\",\"name\":\"Store Van\",\"description\":\"Equipamientos furgonetas\",\"potentialAction\":[{\"@type\":\"SearchAction\",\"target\":{\"@type\":\"EntryPoint\",\"urlTemplate\":\"https:\/\/www.storevan.com\/pl\/?s={search_term_string}\"},\"query-input\":\"required name=search_term_string\"}],\"inLanguage\":\"es\"}]}<\/script>\n<!-- \/ Yoast SEO plugin. -->","yoast_head_json":{"title":"Equipamiento para furgonetas StoreVan - Filial de Alemania","description":"Equipamientos furgonetas StoreVan en Alemania, filial de Puchheim, Alemania. Taller m\u00f3vil personalizado para veh\u00edculos comerciales: estanter\u00edas, cajoneras.","robots":{"index":"index","follow":"follow","max-snippet":"max-snippet:-1","max-image-preview":"max-image-preview:large","max-video-preview":"max-video-preview:-1"},"canonical":"https:\/\/www.storevan.com\/es\/equipamiento-furgonetas-alemania\/","og_locale":"es_ES","og_type":"article","og_title":"Equipamiento para furgonetas StoreVan - Filial de Alemania","og_description":"Equipamientos furgonetas StoreVan en Alemania, filial de Puchheim, Alemania. Taller m\u00f3vil personalizado para veh\u00edculos comerciales: estanter\u00edas, cajoneras.","og_url":"https:\/\/www.storevan.com\/es\/equipamiento-furgonetas-alemania\/","og_site_name":"Store Van","article_modified_time":"2023-06-22T15:22:14+00:00","og_image":[{"url":"https:\/\/www.storevan.com\/wp-content\/uploads\/2023\/06\/STOREVAN-GERMANY-FAMI-DEUTSCHLAND-G.jpg"}],"twitter_misc":{"Tiempo de lectura":"2 minutos"},"schema":{"@context":"https:\/\/schema.org","@graph":[{"@type":"WebPage","@id":"https:\/\/www.storevan.com\/es\/equipamiento-furgonetas-alemania\/","url":"https:\/\/www.storevan.com\/es\/equipamiento-furgonetas-alemania\/","name":"Equipamiento para furgonetas StoreVan - Filial de Alemania","isPartOf":{"@id":"https:\/\/www.storevan.com\/pl\/#website"},"datePublished":"2017-03-09T10:48:28+00:00","dateModified":"2023-06-22T15:22:14+00:00","description":"Equipamientos furgonetas StoreVan en Alemania, filial de Puchheim, Alemania. Taller m\u00f3vil personalizado para veh\u00edculos comerciales: estanter\u00edas, cajoneras.","breadcrumb":{"@id":"https:\/\/www.storevan.com\/es\/equipamiento-furgonetas-alemania\/#breadcrumb"},"inLanguage":"es","potentialAction":[{"@type":"ReadAction","target":["https:\/\/www.storevan.com\/es\/equipamiento-furgonetas-alemania\/"]}]},{"@type":"BreadcrumbList","@id":"https:\/\/www.storevan.com\/es\/equipamiento-furgonetas-alemania\/#breadcrumb","itemListElement":[{"@type":"ListItem","position":1,"name":"Home","item":"https:\/\/www.storevan.com\/es\/"},{"@type":"ListItem","position":2,"name":"Equipamiento para furgonetas StoreVan &#8211; Filial de Alemania"}]},{"@type":"WebSite","@id":"https:\/\/www.storevan.com\/pl\/#website","url":"https:\/\/www.storevan.com\/pl\/","name":"Store Van","description":"Equipamientos furgonetas","potentialAction":[{"@type":"SearchAction","target":{"@type":"EntryPoint","urlTemplate":"https:\/\/www.storevan.com\/pl\/?s={search_term_string}"},"query-input":"required name=search_term_string"}],"inLanguage":"es"}]}},"_links":{"self":[{"href":"https:\/\/www.storevan.com\/es\/wp-json\/wp\/v2\/pages\/53486"}],"collection":[{"href":"https:\/\/www.storevan.com\/es\/wp-json\/wp\/v2\/pages"}],"about":[{"href":"https:\/\/www.storevan.com\/es\/wp-json\/wp\/v2\/types\/page"}],"author":[{"embeddable":true,"href":"https:\/\/www.storevan.com\/es\/wp-json\/wp\/v2\/users\/470"}],"replies":[{"embeddable":true,"href":"https:\/\/www.storevan.com\/es\/wp-json\/wp\/v2\/comments?post=53486"}],"version-history":[{"count":5,"href":"https:\/\/www.storevan.com\/es\/wp-json\/wp\/v2\/pages\/53486\/revisions"}],"predecessor-version":[{"id":152149,"href":"https:\/\/www.storevan.com\/es\/wp-json\/wp\/v2\/pages\/53486\/revisions\/152149"}],"wp:attachment":[{"href":"https:\/\/www.storevan.com\/es\/wp-json\/wp\/v2\/media?parent=53486"}],"curies":[{"name":"wp","href":"https:\/\/api.w.org\/{rel}","templated":true}]}}

<h1 class="customblackTitleSmall">Equipamiento para furgonetas StoreVan &#8211; Filial de Alemania</h1>
<p style="text-align: justify;">Después de haberse consolidado en el mercado italiano, la marca StoreVan, que debe su éxito a la inversión continua en el desarrollo de soluciones personalizadas para el <strong>equipamiento de furgonetas</strong>, se ha impuesto también en el extranjero por el excelente servicio ofrecido por sus filiales.</p>
<p style="text-align: justify;">Con la <strong>filial alemana Fami Deutschland GmbH</strong>, StoreVan distribuye, en todos los rincones de Alemania, los mismos productos de calidad, la misma excelencia en el diseño y la misma profesionalidad en la realización de talleres móviles que se garantizan a los clientes italianos, siguiendo al comprador en cada etapa, desde el diseño de la mejor solución a la instalación realizada por técnicos especializados y capacitados directamente por la casa madre.</p>
<p style="text-align: justify;">La filial, abierta desde hace unos años, es un auténtico puesto avanzado comercial, donde el personal siempre está disponible para hacer presupuestos gratuitos realizados en detalle y acompañados por <strong>diseños en 3D</strong>, una reproducción fiel del equipamiento de la zona de carga de la furgoneta con estanterías modulares, cajoneras, bancos de trabajo, contenedores para piezas pequeñas, recubrimientos interiores para vehículos comerciales, bacas y portaescaleras.</p>
<p style="text-align: justify;"><div class="one_half"><a href="https://www.storevan.com/wp-content/uploads/2023/06/STOREVAN-GERMANY-FAMI-DEUTSCHLAND-G.jpg"><img decoding="async" loading="lazy" class="alignnone wp-image-152129 size-full" title="Equipamiento para furgonetas StoreVan - Filial de Alemania" src="https://www.storevan.com/wp-content/uploads/2023/06/STOREVAN-GERMANY-FAMI-DEUTSCHLAND-G.jpg" alt="" width="555" height="230" srcset="https://www.storevan.com/wp-content/uploads/2023/06/STOREVAN-GERMANY-FAMI-DEUTSCHLAND-G.jpg 555w, https://www.storevan.com/wp-content/uploads/2023/06/STOREVAN-GERMANY-FAMI-DEUTSCHLAND-G-300x124.jpg 300w" sizes="(max-width: 555px) 100vw, 555px" /></a></div><div class="one_half last">
<p><strong>Fami Deutschland GmbH</strong><br />
Benzstraße 11 a-c<br />
82178 Puchheim &#8211; Deutschland<br />
Telefon: +49 (0)89 1434078 0</p>
<p><a href="mailto:info@fami.de">info@fami.de</a><br />
<a title="Fahrzeugeinrichtung StoreVan" href="https://www.storevan.de">www.storevan.de</a></p>
<p style="text-align: justify;"></div><div class="clearboth"></div>

<p>Equipamiento para furgonetas StoreVan &#8211; Filial de Alemania Después de haberse consolidado en el mercado italiano, la marca StoreVan, que debe su éxito a la inversión continua en el desarrollo.</p>

<!-- This site is optimized with the Yoast SEO plugin v20.11 - https://yoast.com/wordpress/plugins/seo/ -->
<title>Equipamiento para furgonetas StoreVan - Filial de Alemania</title>
<meta name="description" content="Equipamientos furgonetas StoreVan en Alemania, filial de Puchheim, Alemania. Taller móvil personalizado para vehículos comerciales: estanterías, cajoneras." />
<meta name="robots" content="index, follow, max-snippet:-1, max-image-preview:large, max-video-preview:-1" />
<link rel="canonical" href="https://www.storevan.com/es/equipamiento-furgonetas-alemania/" />
<meta property="og:locale" content="es_ES" />
<meta property="og:type" content="article" />
<meta property="og:title" content="Equipamiento para furgonetas StoreVan - Filial de Alemania" />
<meta property="og:description" content="Equipamientos furgonetas StoreVan en Alemania, filial de Puchheim, Alemania. Taller móvil personalizado para vehículos comerciales: estanterías, cajoneras." />
<meta property="og:url" content="https://www.storevan.com/es/equipamiento-furgonetas-alemania/" />
<meta property="og:site_name" content="Store Van" />
<meta property="article:modified_time" content="2023-06-22T15:22:14+00:00" />
<meta property="og:image" content="https://www.storevan.com/wp-content/uploads/2023/06/STOREVAN-GERMANY-FAMI-DEUTSCHLAND-G.jpg" />
<meta name="twitter:label1" content="Tiempo de lectura" />
	<meta name="twitter:data1" content="2 minutos" />
<script type="application/ld+json" class="yoast-schema-graph">{"@context":"https://schema.org","@graph":[{"@type":"WebPage","@id":"https://www.storevan.com/es/equipamiento-furgonetas-alemania/","url":"https://www.storevan.com/es/equipamiento-furgonetas-alemania/","name":"Equipamiento para furgonetas StoreVan - Filial de Alemania","isPartOf":{"@id":"https://www.storevan.com/pl/#website"},"datePublished":"2017-03-09T10:48:28+00:00","dateModified":"2023-06-22T15:22:14+00:00","description":"Equipamientos furgonetas StoreVan en Alemania, filial de Puchheim, Alemania. Taller móvil personalizado para vehículos comerciales: estanterías, cajoneras.","breadcrumb":{"@id":"https://www.storevan.com/es/equipamiento-furgonetas-alemania/#breadcrumb"},"inLanguage":"es","potentialAction":[{"@type":"ReadAction","target":["https://www.storevan.com/es/equipamiento-furgonetas-alemania/"]}]},{"@type":"BreadcrumbList","@id":"https://www.storevan.com/es/equipamiento-furgonetas-alemania/#breadcrumb","itemListElement":[{"@type":"ListItem","position":1,"name":"Home","item":"https://www.storevan.com/es/"},{"@type":"ListItem","position":2,"name":"Equipamiento para furgonetas StoreVan &#8211; Filial de Alemania"}]},{"@type":"WebSite","@id":"https://www.storevan.com/pl/#website","url":"https://www.storevan.com/pl/","name":"Store Van","description":"Equipamientos furgonetas","potentialAction":[{"@type":"SearchAction","target":{"@type":"EntryPoint","urlTemplate":"https://www.storevan.com/pl/?s={search_term_string}"},"query-input":"required name=search_term_string"}],"inLanguage":"es"}]}</script>
<!-- / Yoast SEO plugin. -->

Equipamientos furgonetas StoreVan en Alemania, filial de Puchheim, Alemania. Taller móvil personalizado para vehículos comerciales: estanterías, cajoneras.
