{"id":26116,"date":"2015-12-14T10:01:18","date_gmt":"2015-12-14T09:01:18","guid":{"rendered":"https:\/\/www.storevan.com\/es\/allestimenti-veicoli-commerciali\/furgoni-iveco\/"},"modified":"2021-10-29T12:21:10","modified_gmt":"2021-10-29T12:21:10","slug":"furgonetas-iveco","status":"publish","type":"page","link":"https:\/\/www.storevan.com\/es\/equipamientos-vehiculos-comerciales\/furgonetas-iveco\/","title":{"rendered":"Iveco"},"content":{"rendered":"<h1 class=\"customblackTitleSmall\">Equipamientos furgonetas Iveco<\/h1>\n<h2>Equipamiento para taller m\u00f3vil de veh\u00edculos comerciales Iveco<\/h2>\n<p><img decoding=\"async\" loading=\"lazy\" class=\"alignright wp-image-43718 size-full\" title=\"Equipamiento Iveco\" src=\"https:\/\/www.storevan.com\/wp-content\/uploads\/veicoli\/iveco\/daily\/HOME6-Allestimenti-IVECO.png\" alt=\"Equipamiento Iveco\" width=\"116\" height=\"105\" \/><\/p>\n<p>Store Van produce soluciones de <strong>equipamientos<\/strong> espec\u00edficas para <strong>furgonetas Iveco<\/strong>. Recubrimientos para la protecci\u00f3n de la zona de carga, bacas y portaescaleras para cargar con seguridad en el techo de la furgoneta y numerosas estanter\u00edas para equipar el veh\u00edculo comercial de acuerdo con las necesidades espec\u00edficas profesionales.<\/p>\n<h3 class=\"customblackTitleExtraSmall\">SELECCIONE EL MODELO DE SU FURGONETA:<\/h3>\n<div class=\"one_third\"><\/div><div class=\"one_third\">\n<p class=\"text-center\"><strong>IVECO DAILY 2014<\/strong><\/p>\n<hr class=\"hidden-xs hidden-sm\"\/>\n<p><a href=\"https:\/\/www.storevan.com\/allestimenti-veicoli-commerciali\/furgoni-iveco\/daily\/\" class=\"txtOrange\" title=\"Equipamientos para Iveco Daily 2014\"><img decoding=\"async\" loading=\"lazy\" class=\"aligncenter wp-image-40239 size-full\" src=\"https:\/\/www.storevan.com\/wp-content\/uploads\/veicoli\/iveco\/daily\/Allestimento-furgoni-Iveco-Daily-2014-1.jpg\" alt=\"Equipamiento furgonetas Iveco Daily 2014\" width=\"350\" height=\"220\" \/><br \/>\nEquipamientos para Iveco Daily 2014<i class=\"fa fa-angle-double-right\"><\/i><\/a><br \/>\n<a href=\"https:\/\/www.storevan.com\/allestimenti-veicoli-commerciali\/furgoni-iveco\/daily\/pianali-pannellature\/\" class=\"txtOrange\" title=\"Suelo y revestimiento interior para Iveco Daily 2014\">Suelo y revestimiento interior  <i class=\"fa fa-angle-double-right\"><\/i><\/a><br \/>\n<a href=\"https:\/\/www.storevan.com\/allestimenti-veicoli-commerciali\/furgoni-iveco\/daily\/portascale-portatutto\/\" class=\"txtOrange\" title=\"Bacas y portaescaleras para Iveco Daily 2014\">Bacas y portaescaleras <i class=\"fa fa-angle-double-right\"><\/i><\/a> <\/p>\n<hr noshade=\"noshade\" size=\"1\" class=\"visible-xs\" \/>\n<\/div>\n<div class=\"one_third last\"><\/div><div class=\"clearboth\"><\/div>\n<p>\u201c<em>\u00a1Qu\u00e9 mala suerte no tener lo que se necesita en el momento oportuno y tener que perder tiempo o, peor a\u00fan, rechazar el servicio al cliente!<\/em>\u201d M\u00e1s all\u00e1 de las cuestiones subjetivas, estad\u00edsticamente este es el comentario m\u00e1s recurrente entre los artesanos y peque\u00f1os profesionales que nos contactan despu\u00e9s de haber echado un vistazo al espacio que Store Van dedica a los posibles equipamientos que se pueden realizar en los veh\u00edculos comerciales Iveco. Convertir una furgoneta Iveco en un taller m\u00f3vil es una opci\u00f3n esencial para aumentar la productividad de los profesionales. Si adem\u00e1s el veh\u00edculo es espacioso, las posibles soluciones aplicables a la zona de carga aumentan la funcionalidad al m\u00e1ximo.  P\u00f3ngase en contacto con nosotros para solicitar sin compromiso un asesoramiento sobre c\u00f3mo convertir su furgoneta en un taller sobre cuatro ruedas capaz de ofrecer asistencia, mantenimiento y reparaci\u00f3n, aprovechando los mejores recursos disponibles y las dimensiones del veh\u00edculo.<\/p>\n","protected":false},"excerpt":{"rendered":"<p>Equipamientos furgonetas Iveco Equipamiento para taller m\u00f3vil de veh\u00edculos comerciales Iveco Store Van produce soluciones de equipamientos espec\u00edficas para furgonetas Iveco. Recubrimientos para la protecci\u00f3n de la zona de carga,.<\/p>\n","protected":false},"author":470,"featured_media":0,"parent":26070,"menu_order":0,"comment_status":"closed","ping_status":"closed","template":"","meta":[],"acf":[],"yoast_head":"<!-- This site is optimized with the Yoast SEO plugin v20.11 - https:\/\/yoast.com\/wordpress\/plugins\/seo\/ -->\n<title>Equipamientos furgonetas Iveco<\/title>\n<meta name=\"description\" content=\"Store Van produce soluciones de equipamientos espec\u00edficas para furgonetas Iveco. Revestimientos para la zona de carga, modulos, bacas y portaescaleras.\" \/>\n<meta name=\"robots\" content=\"index, follow, max-snippet:-1, max-image-preview:large, max-video-preview:-1\" \/>\n<link rel=\"canonical\" href=\"https:\/\/www.storevan.com\/es\/equipamientos-vehiculos-comerciales\/furgonetas-iveco\/\" \/>\n<meta property=\"og:locale\" content=\"es_ES\" \/>\n<meta property=\"og:type\" content=\"article\" \/>\n<meta property=\"og:title\" content=\"Equipamientos furgonetas Iveco\" \/>\n<meta property=\"og:description\" content=\"Store Van produce soluciones de equipamientos espec\u00edficas para furgonetas Iveco. Revestimientos para la zona de carga, modulos, bacas y portaescaleras.\" \/>\n<meta property=\"og:url\" content=\"https:\/\/www.storevan.com\/es\/equipamientos-vehiculos-comerciales\/furgonetas-iveco\/\" \/>\n<meta property=\"og:site_name\" content=\"Store Van\" \/>\n<meta property=\"article:modified_time\" content=\"2021-10-29T12:21:10+00:00\" \/>\n<meta property=\"og:image\" content=\"https:\/\/www.storevan.com\/wp-content\/uploads\/veicoli\/iveco\/daily\/HOME6-Allestimenti-IVECO.png\" \/>\n<meta name=\"twitter:label1\" content=\"Tiempo de lectura\" \/>\n\t<meta name=\"twitter:data1\" content=\"1 minuto\" \/>\n<script type=\"application\/ld+json\" class=\"yoast-schema-graph\">{\"@context\":\"https:\/\/schema.org\",\"@graph\":[{\"@type\":\"WebPage\",\"@id\":\"https:\/\/www.storevan.com\/es\/equipamientos-vehiculos-comerciales\/furgonetas-iveco\/\",\"url\":\"https:\/\/www.storevan.com\/es\/equipamientos-vehiculos-comerciales\/furgonetas-iveco\/\",\"name\":\"Equipamientos furgonetas Iveco\",\"isPartOf\":{\"@id\":\"https:\/\/www.storevan.com\/pl\/#website\"},\"datePublished\":\"2015-12-14T09:01:18+00:00\",\"dateModified\":\"2021-10-29T12:21:10+00:00\",\"description\":\"Store Van produce soluciones de equipamientos espec\u00edficas para furgonetas Iveco. Revestimientos para la zona de carga, modulos, bacas y portaescaleras.\",\"breadcrumb\":{\"@id\":\"https:\/\/www.storevan.com\/es\/equipamientos-vehiculos-comerciales\/furgonetas-iveco\/#breadcrumb\"},\"inLanguage\":\"es\",\"potentialAction\":[{\"@type\":\"ReadAction\",\"target\":[\"https:\/\/www.storevan.com\/es\/equipamientos-vehiculos-comerciales\/furgonetas-iveco\/\"]}]},{\"@type\":\"BreadcrumbList\",\"@id\":\"https:\/\/www.storevan.com\/es\/equipamientos-vehiculos-comerciales\/furgonetas-iveco\/#breadcrumb\",\"itemListElement\":[{\"@type\":\"ListItem\",\"position\":1,\"name\":\"Home\",\"item\":\"https:\/\/www.storevan.com\/es\/\"},{\"@type\":\"ListItem\",\"position\":2,\"name\":\"Equipamientos veh\u00edculos comerciales\",\"item\":\"https:\/\/www.storevan.com\/es\/equipamientos-vehiculos-comerciales\/\"},{\"@type\":\"ListItem\",\"position\":3,\"name\":\"Iveco\"}]},{\"@type\":\"WebSite\",\"@id\":\"https:\/\/www.storevan.com\/pl\/#website\",\"url\":\"https:\/\/www.storevan.com\/pl\/\",\"name\":\"Store Van\",\"description\":\"Equipamientos furgonetas\",\"potentialAction\":[{\"@type\":\"SearchAction\",\"target\":{\"@type\":\"EntryPoint\",\"urlTemplate\":\"https:\/\/www.storevan.com\/pl\/?s={search_term_string}\"},\"query-input\":\"required name=search_term_string\"}],\"inLanguage\":\"es\"}]}<\/script>\n<!-- \/ Yoast SEO plugin. -->","yoast_head_json":{"title":"Equipamientos furgonetas Iveco","description":"Store Van produce soluciones de equipamientos espec\u00edficas para furgonetas Iveco. Revestimientos para la zona de carga, modulos, bacas y portaescaleras.","robots":{"index":"index","follow":"follow","max-snippet":"max-snippet:-1","max-image-preview":"max-image-preview:large","max-video-preview":"max-video-preview:-1"},"canonical":"https:\/\/www.storevan.com\/es\/equipamientos-vehiculos-comerciales\/furgonetas-iveco\/","og_locale":"es_ES","og_type":"article","og_title":"Equipamientos furgonetas Iveco","og_description":"Store Van produce soluciones de equipamientos espec\u00edficas para furgonetas Iveco. Revestimientos para la zona de carga, modulos, bacas y portaescaleras.","og_url":"https:\/\/www.storevan.com\/es\/equipamientos-vehiculos-comerciales\/furgonetas-iveco\/","og_site_name":"Store Van","article_modified_time":"2021-10-29T12:21:10+00:00","og_image":[{"url":"https:\/\/www.storevan.com\/wp-content\/uploads\/veicoli\/iveco\/daily\/HOME6-Allestimenti-IVECO.png"}],"twitter_misc":{"Tiempo de lectura":"1 minuto"},"schema":{"@context":"https:\/\/schema.org","@graph":[{"@type":"WebPage","@id":"https:\/\/www.storevan.com\/es\/equipamientos-vehiculos-comerciales\/furgonetas-iveco\/","url":"https:\/\/www.storevan.com\/es\/equipamientos-vehiculos-comerciales\/furgonetas-iveco\/","name":"Equipamientos furgonetas Iveco","isPartOf":{"@id":"https:\/\/www.storevan.com\/pl\/#website"},"datePublished":"2015-12-14T09:01:18+00:00","dateModified":"2021-10-29T12:21:10+00:00","description":"Store Van produce soluciones de equipamientos espec\u00edficas para furgonetas Iveco. Revestimientos para la zona de carga, modulos, bacas y portaescaleras.","breadcrumb":{"@id":"https:\/\/www.storevan.com\/es\/equipamientos-vehiculos-comerciales\/furgonetas-iveco\/#breadcrumb"},"inLanguage":"es","potentialAction":[{"@type":"ReadAction","target":["https:\/\/www.storevan.com\/es\/equipamientos-vehiculos-comerciales\/furgonetas-iveco\/"]}]},{"@type":"BreadcrumbList","@id":"https:\/\/www.storevan.com\/es\/equipamientos-vehiculos-comerciales\/furgonetas-iveco\/#breadcrumb","itemListElement":[{"@type":"ListItem","position":1,"name":"Home","item":"https:\/\/www.storevan.com\/es\/"},{"@type":"ListItem","position":2,"name":"Equipamientos veh\u00edculos comerciales","item":"https:\/\/www.storevan.com\/es\/equipamientos-vehiculos-comerciales\/"},{"@type":"ListItem","position":3,"name":"Iveco"}]},{"@type":"WebSite","@id":"https:\/\/www.storevan.com\/pl\/#website","url":"https:\/\/www.storevan.com\/pl\/","name":"Store Van","description":"Equipamientos furgonetas","potentialAction":[{"@type":"SearchAction","target":{"@type":"EntryPoint","urlTemplate":"https:\/\/www.storevan.com\/pl\/?s={search_term_string}"},"query-input":"required name=search_term_string"}],"inLanguage":"es"}]}},"_links":{"self":[{"href":"https:\/\/www.storevan.com\/es\/wp-json\/wp\/v2\/pages\/26116"}],"collection":[{"href":"https:\/\/www.storevan.com\/es\/wp-json\/wp\/v2\/pages"}],"about":[{"href":"https:\/\/www.storevan.com\/es\/wp-json\/wp\/v2\/types\/page"}],"author":[{"embeddable":true,"href":"https:\/\/www.storevan.com\/es\/wp-json\/wp\/v2\/users\/470"}],"replies":[{"embeddable":true,"href":"https:\/\/www.storevan.com\/es\/wp-json\/wp\/v2\/comments?post=26116"}],"version-history":[{"count":8,"href":"https:\/\/www.storevan.com\/es\/wp-json\/wp\/v2\/pages\/26116\/revisions"}],"predecessor-version":[{"id":135147,"href":"https:\/\/www.storevan.com\/es\/wp-json\/wp\/v2\/pages\/26116\/revisions\/135147"}],"up":[{"embeddable":true,"href":"https:\/\/www.storevan.com\/es\/wp-json\/wp\/v2\/pages\/26070"}],"wp:attachment":[{"href":"https:\/\/www.storevan.com\/es\/wp-json\/wp\/v2\/media?parent=26116"}],"curies":[{"name":"wp","href":"https:\/\/api.w.org\/{rel}","templated":true}]}}

<h1 class="customblackTitleSmall">Equipamientos furgonetas Iveco</h1>
<h2>Equipamiento para taller móvil de vehículos comerciales Iveco</h2>
<p><img decoding="async" loading="lazy" class="alignright wp-image-43718 size-full" title="Equipamiento Iveco" src="https://www.storevan.com/wp-content/uploads/veicoli/iveco/daily/HOME6-Allestimenti-IVECO.png" alt="Equipamiento Iveco" width="116" height="105" /></p>
<p>Store Van produce soluciones de <strong>equipamientos</strong> específicas para <strong>furgonetas Iveco</strong>. Recubrimientos para la protección de la zona de carga, bacas y portaescaleras para cargar con seguridad en el techo de la furgoneta y numerosas estanterías para equipar el vehículo comercial de acuerdo con las necesidades específicas profesionales.</p>
<h3 class="customblackTitleExtraSmall">SELECCIONE EL MODELO DE SU FURGONETA:</h3>
<div class="one_third"></div><div class="one_third">
<p class="text-center"><strong>IVECO DAILY 2014</strong></p>
<hr class="hidden-xs hidden-sm"/>
<p><a href="https://www.storevan.com/allestimenti-veicoli-commerciali/furgoni-iveco/daily/" class="txtOrange" title="Equipamientos para Iveco Daily 2014"><img decoding="async" loading="lazy" class="aligncenter wp-image-40239 size-full" src="https://www.storevan.com/wp-content/uploads/veicoli/iveco/daily/Allestimento-furgoni-Iveco-Daily-2014-1.jpg" alt="Equipamiento furgonetas Iveco Daily 2014" width="350" height="220" /><br />
Equipamientos para Iveco Daily 2014<i class="fa fa-angle-double-right"></i></a><br />
<a href="https://www.storevan.com/allestimenti-veicoli-commerciali/furgoni-iveco/daily/pianali-pannellature/" class="txtOrange" title="Suelo y revestimiento interior para Iveco Daily 2014">Suelo y revestimiento interior  <i class="fa fa-angle-double-right"></i></a><br />
<a href="https://www.storevan.com/allestimenti-veicoli-commerciali/furgoni-iveco/daily/portascale-portatutto/" class="txtOrange" title="Bacas y portaescaleras para Iveco Daily 2014">Bacas y portaescaleras <i class="fa fa-angle-double-right"></i></a> </p>
<hr noshade="noshade" size="1" class="visible-xs" />
</div>
<div class="one_third last"></div><div class="clearboth"></div>
<p>“<em>¡Qué mala suerte no tener lo que se necesita en el momento oportuno y tener que perder tiempo o, peor aún, rechazar el servicio al cliente!</em>” Más allá de las cuestiones subjetivas, estadísticamente este es el comentario más recurrente entre los artesanos y pequeños profesionales que nos contactan después de haber echado un vistazo al espacio que Store Van dedica a los posibles equipamientos que se pueden realizar en los vehículos comerciales Iveco. Convertir una furgoneta Iveco en un taller móvil es una opción esencial para aumentar la productividad de los profesionales. Si además el vehículo es espacioso, las posibles soluciones aplicables a la zona de carga aumentan la funcionalidad al máximo.  Póngase en contacto con nosotros para solicitar sin compromiso un asesoramiento sobre cómo convertir su furgoneta en un taller sobre cuatro ruedas capaz de ofrecer asistencia, mantenimiento y reparación, aprovechando los mejores recursos disponibles y las dimensiones del vehículo.</p>

<p>Equipamientos furgonetas Iveco Equipamiento para taller móvil de vehículos comerciales Iveco Store Van produce soluciones de equipamientos específicas para furgonetas Iveco. Recubrimientos para la protección de la zona de carga,.</p>

<!-- This site is optimized with the Yoast SEO plugin v20.11 - https://yoast.com/wordpress/plugins/seo/ -->
<title>Equipamientos furgonetas Iveco</title>
<meta name="description" content="Store Van produce soluciones de equipamientos específicas para furgonetas Iveco. Revestimientos para la zona de carga, modulos, bacas y portaescaleras." />
<meta name="robots" content="index, follow, max-snippet:-1, max-image-preview:large, max-video-preview:-1" />
<link rel="canonical" href="https://www.storevan.com/es/equipamientos-vehiculos-comerciales/furgonetas-iveco/" />
<meta property="og:locale" content="es_ES" />
<meta property="og:type" content="article" />
<meta property="og:title" content="Equipamientos furgonetas Iveco" />
<meta property="og:description" content="Store Van produce soluciones de equipamientos específicas para furgonetas Iveco. Revestimientos para la zona de carga, modulos, bacas y portaescaleras." />
<meta property="og:url" content="https://www.storevan.com/es/equipamientos-vehiculos-comerciales/furgonetas-iveco/" />
<meta property="og:site_name" content="Store Van" />
<meta property="article:modified_time" content="2021-10-29T12:21:10+00:00" />
<meta property="og:image" content="https://www.storevan.com/wp-content/uploads/veicoli/iveco/daily/HOME6-Allestimenti-IVECO.png" />
<meta name="twitter:label1" content="Tiempo de lectura" />
	<meta name="twitter:data1" content="1 minuto" />
<script type="application/ld+json" class="yoast-schema-graph">{"@context":"https://schema.org","@graph":[{"@type":"WebPage","@id":"https://www.storevan.com/es/equipamientos-vehiculos-comerciales/furgonetas-iveco/","url":"https://www.storevan.com/es/equipamientos-vehiculos-comerciales/furgonetas-iveco/","name":"Equipamientos furgonetas Iveco","isPartOf":{"@id":"https://www.storevan.com/pl/#website"},"datePublished":"2015-12-14T09:01:18+00:00","dateModified":"2021-10-29T12:21:10+00:00","description":"Store Van produce soluciones de equipamientos específicas para furgonetas Iveco. Revestimientos para la zona de carga, modulos, bacas y portaescaleras.","breadcrumb":{"@id":"https://www.storevan.com/es/equipamientos-vehiculos-comerciales/furgonetas-iveco/#breadcrumb"},"inLanguage":"es","potentialAction":[{"@type":"ReadAction","target":["https://www.storevan.com/es/equipamientos-vehiculos-comerciales/furgonetas-iveco/"]}]},{"@type":"BreadcrumbList","@id":"https://www.storevan.com/es/equipamientos-vehiculos-comerciales/furgonetas-iveco/#breadcrumb","itemListElement":[{"@type":"ListItem","position":1,"name":"Home","item":"https://www.storevan.com/es/"},{"@type":"ListItem","position":2,"name":"Equipamientos vehículos comerciales","item":"https://www.storevan.com/es/equipamientos-vehiculos-comerciales/"},{"@type":"ListItem","position":3,"name":"Iveco"}]},{"@type":"WebSite","@id":"https://www.storevan.com/pl/#website","url":"https://www.storevan.com/pl/","name":"Store Van","description":"Equipamientos furgonetas","potentialAction":[{"@type":"SearchAction","target":{"@type":"EntryPoint","urlTemplate":"https://www.storevan.com/pl/?s={search_term_string}"},"query-input":"required name=search_term_string"}],"inLanguage":"es"}]}</script>
<!-- / Yoast SEO plugin. -->

Store Van produce soluciones de equipamientos específicas para furgonetas Iveco. Revestimientos para la zona de carga, modulos, bacas y portaescaleras.

Equipamientos vehículos comerciales
