{"id":154746,"date":"2017-12-04T15:26:15","date_gmt":"2017-12-04T15:26:15","guid":{"rendered":"https:\/\/www.storevan.com\/allestimento-furgoni-torino-piemonte\/"},"modified":"2024-02-07T10:54:25","modified_gmt":"2024-02-07T10:54:25","slug":"montaje-de-furgonetas-en-turin-filial-piamonte","status":"publish","type":"page","link":"https:\/\/www.storevan.com\/es\/montaje-de-furgonetas-en-turin-filial-piamonte\/","title":{"rendered":"Montaje de furgonetas en Tur\u00edn \u2013 Filial Piamonte"},"content":{"rendered":"<h1 class=\"customblackTitleSmall\">Montaje de furgonetas en Tur\u00edn \u2013 Filial Piamonte<\/h1>\n<h2><strong>\u00bfBUSCAS UN ESPECIALISTA EN MONTAJE DE FURGONETAS EN TURIN?<\/strong><\/h2>\n<div class=\"borderTitle\"><\/div>\n<p>Vis\u00edtanos en la nueva filial para montaje de furgonetas de Store Van en Tur\u00edn. Nuestros sistemas son totalmente adaptables, f\u00e1ciles de montar y no requieren modificaciones en el veh\u00edculo. Ofrecemos soluciones para todas las marcas de veh\u00edculos comerciales. Encontrar\u00e1s una completa gama de productos para equipar tu veh\u00edculo:<\/p>\n<ul class=\"arrow\">\n<li>revestimientos internos para la protecci\u00f3n de la carrocer\u00eda;<\/li>\n<li>estanter\u00edas para furgonetas con repisas y cajoneras;<\/li>\n<li>bancos de trabajo con tabiques equipados;<\/li>\n<li>m\u00f3dulos personalizados;<\/li>\n<li>productos para la seguridad y la fijaci\u00f3n de la carga: ganchos, correas, barras, etc.;<\/li>\n<li>contenedores de pl\u00e1stico y accesorios de todo tipo para mantener en orden herramientas y piezas peque\u00f1as.<\/li>\n<\/ul>\n<h3>Transforma tu furgoneta en un taller m\u00f3vil.<\/h3>\n<p>El taller m\u00f3vil es una furgoneta totalmente equipada, puede tener un banco de trabajo con cajones para herramientas e instrumentos, iluminaci\u00f3n propia, estanter\u00edas, revestimiento interior con previsi\u00f3n para anclar mercanc\u00edas por sector de carga, etc. El personal de la filial Store Van de Tur\u00edn conoce muy bien las necesidades de los profesionales de los campos m\u00e1s diversos que un montaje de furgoneta como taller m\u00f3vil para veh\u00edculos comerciales.<br \/>\n<div class=\"demo-sep\" style=\"margin-top: 40px;\"><\/div>\n<div class=\"col-xs-12 col-md-6 ts-gallery\">\n<p><a class=\"col-xs-12 col-md-6\" title=\"Montaje de furgonetas en Tur\u00edn \u2013 Filial Piamonte\" href=\"https:\/\/www.storevan.com\/wp-content\/uploads\/2019\/02\/IMG_4435.jpg\"><img decoding=\"async\" loading=\"lazy\" class=\"aligncenter wp-image-97431 size-full\" src=\"https:\/\/www.storevan.com\/wp-content\/uploads\/2019\/02\/IMG_4435.jpg\" alt=\"Montaje de furgonetas en Tur\u00edn \u2013 Filial Piamonte\" width=\"800\" height=\"594\" srcset=\"https:\/\/www.storevan.com\/wp-content\/uploads\/2019\/02\/IMG_4435.jpg 800w, https:\/\/www.storevan.com\/wp-content\/uploads\/2019\/02\/IMG_4435-300x223.jpg 300w, https:\/\/www.storevan.com\/wp-content\/uploads\/2019\/02\/IMG_4435-768x570.jpg 768w\" sizes=\"(max-width: 800px) 100vw, 800px\" \/><\/a><a class=\"col-xs-12 col-md-6\" title=\"Montaje de furgonetas en Piamonte\" href=\"https:\/\/www.storevan.com\/wp-content\/uploads\/2019\/02\/IMG_4434-300x223.jpg\"><img decoding=\"async\" loading=\"lazy\" class=\"aligncenter size-medium wp-image-97438\" src=\"https:\/\/www.storevan.com\/wp-content\/uploads\/2019\/02\/IMG_4434-300x223.jpg\" alt=\"Montaje de furgonetas en Piamonte\" width=\"300\" height=\"223\" srcset=\"https:\/\/www.storevan.com\/wp-content\/uploads\/2019\/02\/IMG_4434-300x223.jpg 300w, https:\/\/www.storevan.com\/wp-content\/uploads\/2019\/02\/IMG_4434-768x570.jpg 768w, https:\/\/www.storevan.com\/wp-content\/uploads\/2019\/02\/IMG_4434.jpg 800w\" sizes=\"(max-width: 300px) 100vw, 300px\" \/><\/a><\/p>\n<div class=\"break\"><\/div>\n<\/div>\n<div class=\"col-xs-12 col-md-6\">\n<p><strong>PIEMONTE &#8211; FAMI S.r.l<\/strong>.<br \/>\nStrada del Portone, 61<br \/>\n10137 Torino (<a title=\"Conducir a Store Van - Torino\" href=\"https:\/\/goo.gl\/maps\/fS8U1yWZC8n\" target=\"_blank\" rel=\"nofollow noreferrer noopener\">Abre el mapa<\/a>)<br \/>\nTel. <a title=\"Chiama Store Van a Torino\" href=\"tel:+390113081992\">+39 011 30 81 992<\/a><br \/>\nE-mail <a href=\"mailto:info@storevan.it\">info@storevan.it<\/a><br \/>\n<strong>Hora de apertura::<\/strong><br \/>\nDe lunes a viernes, de 8.30 a 12.30 y de 13.30 a 17.30<\/p>\n<\/div>\n<div class=\"break\"><\/div>\n<div class=\"demo-sep\" style=\"margin-top: 40px;\"><\/div>\n<div class=\"one_half\">\n<p><em><span style=\"color: #ff9900;\"><strong>BIELLA, ASTI, TORINO, CUNEO<\/strong><\/span><\/em><\/p>\n<p><strong>ENRICO MACINA<\/strong><br \/>\nTel\u00e9fono m\u00f3vil +39\u00a0349 0797858<br \/>\n<a href=\"mailto:enrico.macina@storevan.it\">enrico.macina@storevan.it<\/a><\/p>\n<\/div>\n<div class=\"one_half last\">\n<p><em><span style=\"color: #ff9900;\"><strong>AOSTA, ALESSANDRIA, NOVARA, VERCELLI, VERBANIA<\/strong><\/span><\/em><\/p>\n<p><strong>DANIELE SPAGNOLO<\/strong><br \/>\nTel\u00e9fono m\u00f3vil +39 335 1510978<br \/>\n<a href=\"mailto:daniele.spagnolo@storevan.it\">daniele.spagnolo@storevan.it<\/a><\/p>\n<\/div><div class=\"clearboth\"><\/div>\n<div class=\"break\"><\/div>\n","protected":false},"excerpt":{"rendered":"<p>Montaje de furgonetas en Tur\u00edn \u2013 Filial Piamonte \u00bfBUSCAS UN ESPECIALISTA EN MONTAJE DE FURGONETAS EN TURIN? Vis\u00edtanos en la nueva filial para montaje de furgonetas de Store Van en.<\/p>\n","protected":false},"author":470,"featured_media":0,"parent":0,"menu_order":0,"comment_status":"closed","ping_status":"closed","template":"","meta":[],"acf":[],"yoast_head":"<!-- This site is optimized with the Yoast SEO plugin v20.11 - https:\/\/yoast.com\/wordpress\/plugins\/seo\/ -->\n<title>Montaje de furgonetas en Tur\u00edn \u2013 Filial Piamonte<\/title>\n<meta name=\"description\" content=\"Vis\u00edtanos en la sucursal de Store Van para el montaje de furgonetas en Tur\u00edn. Transforma tu furgoneta en un taller m\u00f3vil con nuestras soluciones.\" \/>\n<meta name=\"robots\" content=\"index, follow, max-snippet:-1, max-image-preview:large, max-video-preview:-1\" \/>\n<link rel=\"canonical\" href=\"https:\/\/www.storevan.com\/es\/montaje-de-furgonetas-en-turin-filial-piamonte\/\" \/>\n<meta property=\"og:locale\" content=\"es_ES\" \/>\n<meta property=\"og:type\" content=\"article\" \/>\n<meta property=\"og:title\" content=\"Montaje de furgonetas en Tur\u00edn \u2013 Filial Piamonte\" \/>\n<meta property=\"og:description\" content=\"Vis\u00edtanos en la sucursal de Store Van para el montaje de furgonetas en Tur\u00edn. Transforma tu furgoneta en un taller m\u00f3vil con nuestras soluciones.\" \/>\n<meta property=\"og:url\" content=\"https:\/\/www.storevan.com\/es\/montaje-de-furgonetas-en-turin-filial-piamonte\/\" \/>\n<meta property=\"og:site_name\" content=\"Store Van\" \/>\n<meta property=\"article:modified_time\" content=\"2024-02-07T10:54:25+00:00\" \/>\n<meta property=\"og:image\" content=\"https:\/\/www.storevan.com\/wp-content\/uploads\/2019\/02\/IMG_4435.jpg\" \/>\n<meta name=\"twitter:label1\" content=\"Tiempo de lectura\" \/>\n\t<meta name=\"twitter:data1\" content=\"2 minutos\" \/>\n<script type=\"application\/ld+json\" class=\"yoast-schema-graph\">{\"@context\":\"https:\/\/schema.org\",\"@graph\":[{\"@type\":\"WebPage\",\"@id\":\"https:\/\/www.storevan.com\/es\/montaje-de-furgonetas-en-turin-filial-piamonte\/\",\"url\":\"https:\/\/www.storevan.com\/es\/montaje-de-furgonetas-en-turin-filial-piamonte\/\",\"name\":\"Montaje de furgonetas en Tur\u00edn \u2013 Filial Piamonte\",\"isPartOf\":{\"@id\":\"https:\/\/www.storevan.com\/pl\/#website\"},\"datePublished\":\"2017-12-04T15:26:15+00:00\",\"dateModified\":\"2024-02-07T10:54:25+00:00\",\"description\":\"Vis\u00edtanos en la sucursal de Store Van para el montaje de furgonetas en Tur\u00edn. Transforma tu furgoneta en un taller m\u00f3vil con nuestras soluciones.\",\"breadcrumb\":{\"@id\":\"https:\/\/www.storevan.com\/es\/montaje-de-furgonetas-en-turin-filial-piamonte\/#breadcrumb\"},\"inLanguage\":\"es\",\"potentialAction\":[{\"@type\":\"ReadAction\",\"target\":[\"https:\/\/www.storevan.com\/es\/montaje-de-furgonetas-en-turin-filial-piamonte\/\"]}]},{\"@type\":\"BreadcrumbList\",\"@id\":\"https:\/\/www.storevan.com\/es\/montaje-de-furgonetas-en-turin-filial-piamonte\/#breadcrumb\",\"itemListElement\":[{\"@type\":\"ListItem\",\"position\":1,\"name\":\"Home\",\"item\":\"https:\/\/www.storevan.com\/es\/\"},{\"@type\":\"ListItem\",\"position\":2,\"name\":\"Montaje de furgonetas en Tur\u00edn \u2013 Filial Piamonte\"}]},{\"@type\":\"WebSite\",\"@id\":\"https:\/\/www.storevan.com\/pl\/#website\",\"url\":\"https:\/\/www.storevan.com\/pl\/\",\"name\":\"Store Van\",\"description\":\"Equipamientos furgonetas\",\"potentialAction\":[{\"@type\":\"SearchAction\",\"target\":{\"@type\":\"EntryPoint\",\"urlTemplate\":\"https:\/\/www.storevan.com\/pl\/?s={search_term_string}\"},\"query-input\":\"required name=search_term_string\"}],\"inLanguage\":\"es\"}]}<\/script>\n<!-- \/ Yoast SEO plugin. -->","yoast_head_json":{"title":"Montaje de furgonetas en Tur\u00edn \u2013 Filial Piamonte","description":"Vis\u00edtanos en la sucursal de Store Van para el montaje de furgonetas en Tur\u00edn. Transforma tu furgoneta en un taller m\u00f3vil con nuestras soluciones.","robots":{"index":"index","follow":"follow","max-snippet":"max-snippet:-1","max-image-preview":"max-image-preview:large","max-video-preview":"max-video-preview:-1"},"canonical":"https:\/\/www.storevan.com\/es\/montaje-de-furgonetas-en-turin-filial-piamonte\/","og_locale":"es_ES","og_type":"article","og_title":"Montaje de furgonetas en Tur\u00edn \u2013 Filial Piamonte","og_description":"Vis\u00edtanos en la sucursal de Store Van para el montaje de furgonetas en Tur\u00edn. Transforma tu furgoneta en un taller m\u00f3vil con nuestras soluciones.","og_url":"https:\/\/www.storevan.com\/es\/montaje-de-furgonetas-en-turin-filial-piamonte\/","og_site_name":"Store Van","article_modified_time":"2024-02-07T10:54:25+00:00","og_image":[{"url":"https:\/\/www.storevan.com\/wp-content\/uploads\/2019\/02\/IMG_4435.jpg"}],"twitter_misc":{"Tiempo de lectura":"2 minutos"},"schema":{"@context":"https:\/\/schema.org","@graph":[{"@type":"WebPage","@id":"https:\/\/www.storevan.com\/es\/montaje-de-furgonetas-en-turin-filial-piamonte\/","url":"https:\/\/www.storevan.com\/es\/montaje-de-furgonetas-en-turin-filial-piamonte\/","name":"Montaje de furgonetas en Tur\u00edn \u2013 Filial Piamonte","isPartOf":{"@id":"https:\/\/www.storevan.com\/pl\/#website"},"datePublished":"2017-12-04T15:26:15+00:00","dateModified":"2024-02-07T10:54:25+00:00","description":"Vis\u00edtanos en la sucursal de Store Van para el montaje de furgonetas en Tur\u00edn. Transforma tu furgoneta en un taller m\u00f3vil con nuestras soluciones.","breadcrumb":{"@id":"https:\/\/www.storevan.com\/es\/montaje-de-furgonetas-en-turin-filial-piamonte\/#breadcrumb"},"inLanguage":"es","potentialAction":[{"@type":"ReadAction","target":["https:\/\/www.storevan.com\/es\/montaje-de-furgonetas-en-turin-filial-piamonte\/"]}]},{"@type":"BreadcrumbList","@id":"https:\/\/www.storevan.com\/es\/montaje-de-furgonetas-en-turin-filial-piamonte\/#breadcrumb","itemListElement":[{"@type":"ListItem","position":1,"name":"Home","item":"https:\/\/www.storevan.com\/es\/"},{"@type":"ListItem","position":2,"name":"Montaje de furgonetas en Tur\u00edn \u2013 Filial Piamonte"}]},{"@type":"WebSite","@id":"https:\/\/www.storevan.com\/pl\/#website","url":"https:\/\/www.storevan.com\/pl\/","name":"Store Van","description":"Equipamientos furgonetas","potentialAction":[{"@type":"SearchAction","target":{"@type":"EntryPoint","urlTemplate":"https:\/\/www.storevan.com\/pl\/?s={search_term_string}"},"query-input":"required name=search_term_string"}],"inLanguage":"es"}]}},"_links":{"self":[{"href":"https:\/\/www.storevan.com\/es\/wp-json\/wp\/v2\/pages\/154746"}],"collection":[{"href":"https:\/\/www.storevan.com\/es\/wp-json\/wp\/v2\/pages"}],"about":[{"href":"https:\/\/www.storevan.com\/es\/wp-json\/wp\/v2\/types\/page"}],"author":[{"embeddable":true,"href":"https:\/\/www.storevan.com\/es\/wp-json\/wp\/v2\/users\/470"}],"replies":[{"embeddable":true,"href":"https:\/\/www.storevan.com\/es\/wp-json\/wp\/v2\/comments?post=154746"}],"version-history":[{"count":2,"href":"https:\/\/www.storevan.com\/es\/wp-json\/wp\/v2\/pages\/154746\/revisions"}],"predecessor-version":[{"id":154748,"href":"https:\/\/www.storevan.com\/es\/wp-json\/wp\/v2\/pages\/154746\/revisions\/154748"}],"wp:attachment":[{"href":"https:\/\/www.storevan.com\/es\/wp-json\/wp\/v2\/media?parent=154746"}],"curies":[{"name":"wp","href":"https:\/\/api.w.org\/{rel}","templated":true}]}}

Montaje de furgonetas en Turín – Filial Piamonte

<h1 class="customblackTitleSmall">Montaje de furgonetas en Turín – Filial Piamonte</h1>
<h2><strong>¿BUSCAS UN ESPECIALISTA EN MONTAJE DE FURGONETAS EN TURIN?</strong></h2>
<div class="borderTitle"></div>
<p>Visítanos en la nueva filial para montaje de furgonetas de Store Van en Turín. Nuestros sistemas son totalmente adaptables, fáciles de montar y no requieren modificaciones en el vehículo. Ofrecemos soluciones para todas las marcas de vehículos comerciales. Encontrarás una completa gama de productos para equipar tu vehículo:</p>
<ul class="arrow">
<li>revestimientos internos para la protección de la carrocería;</li>
<li>estanterías para furgonetas con repisas y cajoneras;</li>
<li>bancos de trabajo con tabiques equipados;</li>
<li>módulos personalizados;</li>
<li>productos para la seguridad y la fijación de la carga: ganchos, correas, barras, etc.;</li>
<li>contenedores de plástico y accesorios de todo tipo para mantener en orden herramientas y piezas pequeñas.</li>
</ul>
<h3>Transforma tu furgoneta en un taller móvil.</h3>
<p>El taller móvil es una furgoneta totalmente equipada, puede tener un banco de trabajo con cajones para herramientas e instrumentos, iluminación propia, estanterías, revestimiento interior con previsión para anclar mercancías por sector de carga, etc. El personal de la filial Store Van de Turín conoce muy bien las necesidades de los profesionales de los campos más diversos que un montaje de furgoneta como taller móvil para vehículos comerciales.<br />
<div class="demo-sep" style="margin-top: 40px;"></div>
<div class="col-xs-12 col-md-6 ts-gallery">
<p><a class="col-xs-12 col-md-6" title="Montaje de furgonetas en Turín – Filial Piamonte" href="https://www.storevan.com/wp-content/uploads/2019/02/IMG_4435.jpg"><img decoding="async" loading="lazy" class="aligncenter wp-image-97431 size-full" src="https://www.storevan.com/wp-content/uploads/2019/02/IMG_4435.jpg" alt="Montaje de furgonetas en Turín – Filial Piamonte" width="800" height="594" srcset="https://www.storevan.com/wp-content/uploads/2019/02/IMG_4435.jpg 800w, https://www.storevan.com/wp-content/uploads/2019/02/IMG_4435-300x223.jpg 300w, https://www.storevan.com/wp-content/uploads/2019/02/IMG_4435-768x570.jpg 768w" sizes="(max-width: 800px) 100vw, 800px" /></a><a class="col-xs-12 col-md-6" title="Montaje de furgonetas en Piamonte" href="https://www.storevan.com/wp-content/uploads/2019/02/IMG_4434-300x223.jpg"><img decoding="async" loading="lazy" class="aligncenter size-medium wp-image-97438" src="https://www.storevan.com/wp-content/uploads/2019/02/IMG_4434-300x223.jpg" alt="Montaje de furgonetas en Piamonte" width="300" height="223" srcset="https://www.storevan.com/wp-content/uploads/2019/02/IMG_4434-300x223.jpg 300w, https://www.storevan.com/wp-content/uploads/2019/02/IMG_4434-768x570.jpg 768w, https://www.storevan.com/wp-content/uploads/2019/02/IMG_4434.jpg 800w" sizes="(max-width: 300px) 100vw, 300px" /></a></p>
<div class="break"></div>
</div>
<div class="col-xs-12 col-md-6">
<p><strong>PIEMONTE &#8211; FAMI S.r.l</strong>.<br />
Strada del Portone, 61<br />
10137 Torino (<a title="Conducir a Store Van - Torino" href="https://goo.gl/maps/fS8U1yWZC8n" target="_blank" rel="nofollow noreferrer noopener">Abre el mapa</a>)<br />
Tel. <a title="Chiama Store Van a Torino" href="tel:+390113081992">+39 011 30 81 992</a><br />
E-mail <a href="mailto:info@storevan.it">info@storevan.it</a><br />
<strong>Hora de apertura::</strong><br />
De lunes a viernes, de 8.30 a 12.30 y de 13.30 a 17.30</p>
</div>
<div class="break"></div>
<div class="demo-sep" style="margin-top: 40px;"></div>
<div class="one_half">
<p><em><span style="color: #ff9900;"><strong>BIELLA, ASTI, TORINO, CUNEO</strong></span></em></p>
<p><strong>ENRICO MACINA</strong><br />
Teléfono móvil +39 349 0797858<br />
<a href="mailto:enrico.macina@storevan.it">enrico.macina@storevan.it</a></p>
</div>
<div class="one_half last">
<p><em><span style="color: #ff9900;"><strong>AOSTA, ALESSANDRIA, NOVARA, VERCELLI, VERBANIA</strong></span></em></p>
<p><strong>DANIELE SPAGNOLO</strong><br />
Teléfono móvil +39 335 1510978<br />
<a href="mailto:daniele.spagnolo@storevan.it">daniele.spagnolo@storevan.it</a></p>
</div><div class="clearboth"></div>
<div class="break"></div>

<p>Montaje de furgonetas en Turín – Filial Piamonte ¿BUSCAS UN ESPECIALISTA EN MONTAJE DE FURGONETAS EN TURIN? Visítanos en la nueva filial para montaje de furgonetas de Store Van en.</p>

<!-- This site is optimized with the Yoast SEO plugin v20.11 - https://yoast.com/wordpress/plugins/seo/ -->
<title>Montaje de furgonetas en Turín – Filial Piamonte</title>
<meta name="description" content="Visítanos en la sucursal de Store Van para el montaje de furgonetas en Turín. Transforma tu furgoneta en un taller móvil con nuestras soluciones." />
<meta name="robots" content="index, follow, max-snippet:-1, max-image-preview:large, max-video-preview:-1" />
<link rel="canonical" href="https://www.storevan.com/es/montaje-de-furgonetas-en-turin-filial-piamonte/" />
<meta property="og:locale" content="es_ES" />
<meta property="og:type" content="article" />
<meta property="og:title" content="Montaje de furgonetas en Turín – Filial Piamonte" />
<meta property="og:description" content="Visítanos en la sucursal de Store Van para el montaje de furgonetas en Turín. Transforma tu furgoneta en un taller móvil con nuestras soluciones." />
<meta property="og:url" content="https://www.storevan.com/es/montaje-de-furgonetas-en-turin-filial-piamonte/" />
<meta property="og:site_name" content="Store Van" />
<meta property="article:modified_time" content="2024-02-07T10:54:25+00:00" />
<meta property="og:image" content="https://www.storevan.com/wp-content/uploads/2019/02/IMG_4435.jpg" />
<meta name="twitter:label1" content="Tiempo de lectura" />
	<meta name="twitter:data1" content="2 minutos" />
<script type="application/ld+json" class="yoast-schema-graph">{"@context":"https://schema.org","@graph":[{"@type":"WebPage","@id":"https://www.storevan.com/es/montaje-de-furgonetas-en-turin-filial-piamonte/","url":"https://www.storevan.com/es/montaje-de-furgonetas-en-turin-filial-piamonte/","name":"Montaje de furgonetas en Turín – Filial Piamonte","isPartOf":{"@id":"https://www.storevan.com/pl/#website"},"datePublished":"2017-12-04T15:26:15+00:00","dateModified":"2024-02-07T10:54:25+00:00","description":"Visítanos en la sucursal de Store Van para el montaje de furgonetas en Turín. Transforma tu furgoneta en un taller móvil con nuestras soluciones.","breadcrumb":{"@id":"https://www.storevan.com/es/montaje-de-furgonetas-en-turin-filial-piamonte/#breadcrumb"},"inLanguage":"es","potentialAction":[{"@type":"ReadAction","target":["https://www.storevan.com/es/montaje-de-furgonetas-en-turin-filial-piamonte/"]}]},{"@type":"BreadcrumbList","@id":"https://www.storevan.com/es/montaje-de-furgonetas-en-turin-filial-piamonte/#breadcrumb","itemListElement":[{"@type":"ListItem","position":1,"name":"Home","item":"https://www.storevan.com/es/"},{"@type":"ListItem","position":2,"name":"Montaje de furgonetas en Turín – Filial Piamonte"}]},{"@type":"WebSite","@id":"https://www.storevan.com/pl/#website","url":"https://www.storevan.com/pl/","name":"Store Van","description":"Equipamientos furgonetas","potentialAction":[{"@type":"SearchAction","target":{"@type":"EntryPoint","urlTemplate":"https://www.storevan.com/pl/?s={search_term_string}"},"query-input":"required name=search_term_string"}],"inLanguage":"es"}]}</script>
<!-- / Yoast SEO plugin. -->

Visítanos en la sucursal de Store Van para el montaje de furgonetas en Turín. Transforma tu furgoneta en un taller móvil con nuestras soluciones.
